{"id":1139,"date":"2021-09-14T13:35:18","date_gmt":"2021-09-14T13:35:18","guid":{"rendered":"https:\/\/petrana-sabolek.net\/?page_id=1139"},"modified":"2024-09-13T07:06:34","modified_gmt":"2024-09-13T07:06:34","slug":"mjesec-u-krevetu-3","status":"publish","type":"page","link":"https:\/\/petrana-sabolek.net\/index.php\/mjesec-u-krevetu-3\/","title":{"rendered":"Mjesec u krevetu"},"content":{"rendered":"<p>[et_pb_section fb_built=&#8221;1&#8243; _builder_version=&#8221;4.16&#8243; _module_preset=&#8221;default&#8221; custom_padding=&#8221;||0px|||&#8221; da_disable_devices=&#8221;off|off|off&#8221; global_colors_info=&#8221;{}&#8221; da_is_popup=&#8221;off&#8221; da_exit_intent=&#8221;off&#8221; da_has_close=&#8221;on&#8221; da_alt_close=&#8221;off&#8221; da_dark_close=&#8221;off&#8221; da_not_modal=&#8221;on&#8221; da_is_singular=&#8221;off&#8221; da_with_loader=&#8221;off&#8221; da_has_shadow=&#8221;on&#8221;][et_pb_row column_structure=&#8221;2_5,3_5&#8243; _builder_version=&#8221;4.22.2&#8243; _module_preset=&#8221;default&#8221; global_colors_info=&#8221;{}&#8221;][et_pb_column type=&#8221;2_5&#8243; _builder_version=&#8221;4.22.2&#8243; _module_preset=&#8221;default&#8221; global_colors_info=&#8221;{}&#8221;][et_pb_image src=&#8221;https:\/\/petrana-sabolek.net\/wp-content\/uploads\/2024\/09\/mjesec.jpg&#8221; title_text=&#8221;ikona knjige&#8221; url=&#8221;https:\/\/petrana-sabolek.net\/wp-content\/uploads\/2024\/09\/mjesec-u-krevetu_web.pdf&#8221; use_overlay=&#8221;on&#8221; overlay_icon_color=&#8221;#E02B20&#8243; hover_overlay_color=&#8221;#FFFFFF&#8221; hover_icon=&#8221;&#xf5da;||fa||900&#8243; _builder_version=&#8221;4.22.2&#8243; _module_preset=&#8221;default&#8221; background_enable_image=&#8221;off&#8221; parallax=&#8221;on&#8221; hover_enabled=&#8221;0&#8243; global_colors_info=&#8221;{}&#8221; sticky_enabled=&#8221;0&#8243;][\/et_pb_image][\/et_pb_column][et_pb_column type=&#8221;3_5&#8243; _builder_version=&#8221;4.22.2&#8243; _module_preset=&#8221;default&#8221; global_colors_info=&#8221;{}&#8221;][et_pb_text _builder_version=&#8221;4.22.2&#8243; _module_preset=&#8221;default&#8221; text_font=&#8221;Times New Roman||||||||&#8221; global_colors_info=&#8221;{}&#8221;]<\/p>\n<p style=\"text-align: justify;\">\u2026Estetski oblikovana, tehni\u010dki dobro opremljena te sadr\u017eajno djeci primjerena knjiga stihova \u201eMjesec u krevetu\u201c zna\u010dajan je prilog radu s djecom osobito u poticanju njihova govora, govorne komunikacije i ma\u0161tovitosti. Zanimljiva je tematika predo\u010dena na suptilan, jednostavan, dosjetljiv i djeci razumljiv na\u010din, te poti\u010de na razigranost, razmi\u0161ljanje i stvaranje\u2026 <strong>Ministarstvo prosvjete, Zavod za \u0161kolstvo, Prosvjetni savjetnici za pred\u0161kolski odgoj<\/strong><\/p>\n<p style=\"text-align: justify;\">\u2026Autorica zbirke\u00a0Mjesec u krevetu o\u010dito poznaje osobitost djeteta, njega kao estetskog subjekta. Po\u0161tuju\u0107i konkretnost mi\u0161ljenja djeteta u dobi srednjeg djetinjstva, njihovu radoznalost, ma\u0161tovitost, optimizam, cjelovitost do\u017eivljaja (sinkretizam), kao i sposobnost da do\u017eive pjesni\u010dku sliku, osjete ritam i zamisle svijet koji im nudi primjerena lirska pjesma, autorica motivikom pjesama ne izlazi iz okvira emocionalno-spoznajnih mogu\u0107nosti najmla\u0111ih \u010ditatelja: svijet prirodnih pojava, \u017eivotinja, dje\u010dje svakodnevice\u2026 Autorica ne slijedi modernisti\u010dke tendencije prisutne u dje\u010djoj poeziji, igru rije\u010di, modernu metaforu, nonsens, leksi\u010dke i grafi\u010dke inovacije), ali ne iznevjerava novi senzibilitet djeteta\u2026 \u00a0<strong>Dr. Mira Kermek-Sredanovi\u0107<\/strong><\/p>\n<p style=\"text-align: justify;\">\u2026Iznena\u0111enje, i to barem dvojako, o\u010dekuje svakog pozornog \u010ditatelja zbirke\u00a0Mjesec u krevetu ne samo zbog \u010dinjenice \u0161to ova autorica u tzv. svijet dje\u010dje knji\u017eevnosti odmah zakora\u010duje sa samostalnom zbirkom, nego i zato \u0161to njena prva knjiga zna\u010di stanovito osvje\u017eenje u na\u0161oj recentnoj pjesni\u010dkoj produkciji za djecu. To osvje\u017eenje sadr\u017eano je, ponajprije, na idejno-tematskom planu autori\u010dine pjesni\u010dke &#8220;proizvodnje&#8221;, a potom i na planu jezi\u010dno-izra\u017eajnom, kao bitnom konstituensu u profiliranju osobnog poetskog prostora unutar \u0161iroko zasnovanog i prakticiranog tradicionalnoga lirskoga govora namijenjenog djeci\u2026 <strong>Ernest Fi\u0161er<\/strong><\/p>\n<p>[\/et_pb_text][et_pb_toggle title=&#8221;Bibliote\u010dni zapisi&#8221; open_toggle_text_color=&#8221;#032263&#8243; open_toggle_background_color=&#8221;#FFFFFF&#8221; closed_toggle_background_color=&#8221;#FFFFFF&#8221; icon_color=&#8221;#032263&#8243; toggle_icon=&#8221;&#xf233;||fa||900&#8243; open_icon_color=&#8221;#032263&#8243; open_toggle_icon=&#8221;&#xf233;||fa||900&#8243; _builder_version=&#8221;4.22.2&#8243; _module_preset=&#8221;default&#8221; title_text_color=&#8221;#032263&#8243; title_font=&#8221;|600|||||||&#8221; background_color=&#8221;#032263&#8243; global_colors_info=&#8221;{}&#8221;]<\/p>\n<table border=\"2\" style=\"height: 336px; width: 100%; border-collapse: collapse;\">\n<tbody>\n<tr style=\"height: 24px;\">\n<td style=\"width: 50%; height: 24px;\">Naziv knjige<\/td>\n<td style=\"width: 50%; height: 24px;\">MJESEC U KREVETU<\/td>\n<\/tr>\n<tr style=\"height: 24px;\">\n<td style=\"width: 50%; height: 24px;\">Autor<\/td>\n<td style=\"width: 50%; height: 24px;\">Petrana Sabolek<\/td>\n<\/tr>\n<tr style=\"height: 24px;\">\n<td style=\"width: 50%; height: 24px;\">Kategorija<\/td>\n<td style=\"width: 50%; height: 24px;\">Knjiga za djecu, poetska zbirka<\/td>\n<\/tr>\n<tr style=\"height: 24px;\">\n<td style=\"width: 50%; height: 24px;\">Broj stranica<\/td>\n<td style=\"width: 50%; height: 24px;\">104<\/td>\n<\/tr>\n<tr style=\"height: 24px;\">\n<td style=\"width: 50%; height: 24px;\">Godina izdanja<\/td>\n<td style=\"width: 50%; height: 24px;\">1990.<\/td>\n<\/tr>\n<tr style=\"height: 24px;\">\n<td style=\"width: 50%; height: 24px;\">Nakladnik<\/td>\n<td style=\"width: 50%; height: 24px;\">TIZ ZRINSKI, \u010cakovec<br \/>Biblioteka suvremeno pjesni\u0161tvo, knjiga 33<\/td>\n<\/tr>\n<tr style=\"height: 24px;\">\n<td style=\"width: 50%; height: 24px;\">Uvez<\/td>\n<td style=\"width: 50%; height: 24px;\">Tvrdi, \u0161ivano, plastificirano<\/td>\n<\/tr>\n<tr style=\"height: 24px;\">\n<td style=\"width: 50%; height: 24px;\">Format<\/td>\n<td style=\"width: 50%; height: 24px;\">17,5 x 24,7<\/td>\n<\/tr>\n<tr style=\"height: 24px;\">\n<td style=\"width: 50%; height: 24px;\">Naslovna strana crte\u017ei i<br \/>tehni\u010dka priprema<\/td>\n<td style=\"width: 50%; height: 24px;\">Boris Lisjak<\/td>\n<\/tr>\n<tr style=\"height: 24px;\">\n<td style=\"width: 50%; height: 24px;\">Recenzenti<\/td>\n<td style=\"width: 50%; height: 24px;\">Dr. Mira Kermek-Sredanovi\u0107<br \/>Ernest Fi\u0161er, prof.<\/td>\n<\/tr>\n<tr style=\"height: 24px;\">\n<td style=\"width: 50%; height: 24px;\">ISBN<\/td>\n<td style=\"width: 50%; height: 24px;\">CIP -Nau\u010dna i sveu\u010dili\u0161na knji\u017enica Zagreb<br \/>86-7003-078-0<\/td>\n<\/tr>\n<tr style=\"height: 24px;\">\n<td style=\"width: 50%; height: 24px;\">Tisak<\/td>\n<td style=\"width: 50%; height: 24px;\">TIZ Zrinski \u010cakovec<\/td>\n<\/tr>\n<tr style=\"height: 24px;\">\n<td style=\"width: 50%; height: 24px;\">Naklada<\/td>\n<td style=\"width: 50%; height: 24px;\">2000 primjeraka<\/td>\n<\/tr>\n<tr style=\"height: 24px;\">\n<td style=\"width: 50%; height: 24px;\">Napomene<\/td>\n<td style=\"width: 50%; height: 24px;\">Tiskano uz subvenciju SIZ-a kulture Op\u0107ine \u010cakovec<\/td>\n<\/tr>\n<\/tbody>\n<\/table>\n<p>[\/et_pb_toggle][\/et_pb_column][\/et_pb_row][\/et_pb_section]<\/p>\n","protected":false},"excerpt":{"rendered":"<p>\u2026Estetski oblikovana, tehni\u010dki dobro opremljena te sadr\u017eajno djeci primjerena knjiga stihova \u201eMjesec u krevetu\u201c zna\u010dajan je prilog radu s djecom osobito u poticanju njihova govora, govorne komunikacije i ma\u0161tovitosti. Zanimljiva je tematika predo\u010dena na suptilan, jednostavan, dosjetljiv i djeci razumljiv na\u010din, te poti\u010de na razigranost, razmi\u0161ljanje i stvaranje\u2026 Ministarstvo prosvjete, Zavod za \u0161kolstvo, Prosvjetni savjetnici [&hellip;]<\/p>\n","protected":false},"author":1,"featured_media":0,"parent":0,"menu_order":0,"comment_status":"closed","ping_status":"closed","template":"","meta":{"_et_pb_use_builder":"on","_et_pb_old_content":"","_et_gb_content_width":"","footnotes":""},"class_list":["post-1139","page","type-page","status-publish","hentry"],"_links":{"self":[{"href":"https:\/\/petrana-sabolek.net\/index.php\/wp-json\/wp\/v2\/pages\/1139","targetHints":{"allow":["GET"]}}],"collection":[{"href":"https:\/\/petrana-sabolek.net\/index.php\/wp-json\/wp\/v2\/pages"}],"about":[{"href":"https:\/\/petrana-sabolek.net\/index.php\/wp-json\/wp\/v2\/types\/page"}],"author":[{"embeddable":true,"href":"https:\/\/petrana-sabolek.net\/index.php\/wp-json\/wp\/v2\/users\/1"}],"replies":[{"embeddable":true,"href":"https:\/\/petrana-sabolek.net\/index.php\/wp-json\/wp\/v2\/comments?post=1139"}],"version-history":[{"count":16,"href":"https:\/\/petrana-sabolek.net\/index.php\/wp-json\/wp\/v2\/pages\/1139\/revisions"}],"predecessor-version":[{"id":4367,"href":"https:\/\/petrana-sabolek.net\/index.php\/wp-json\/wp\/v2\/pages\/1139\/revisions\/4367"}],"wp:attachment":[{"href":"https:\/\/petrana-sabolek.net\/index.php\/wp-json\/wp\/v2\/media?parent=1139"}],"curies":[{"name":"wp","href":"https:\/\/api.w.org\/{rel}","templated":true}]}}

<p>[et_pb_section fb_built=&#8221;1&#8243; _builder_version=&#8221;4.16&#8243; _module_preset=&#8221;default&#8221; custom_padding=&#8221;||0px|||&#8221; da_disable_devices=&#8221;off|off|off&#8221; global_colors_info=&#8221;{}&#8221; da_is_popup=&#8221;off&#8221; da_exit_intent=&#8221;off&#8221; da_has_close=&#8221;on&#8221; da_alt_close=&#8221;off&#8221; da_dark_close=&#8221;off&#8221; da_not_modal=&#8221;on&#8221; da_is_singular=&#8221;off&#8221; da_with_loader=&#8221;off&#8221; da_has_shadow=&#8221;on&#8221;][et_pb_row column_structure=&#8221;2_5,3_5&#8243; _builder_version=&#8221;4.22.2&#8243; _module_preset=&#8221;default&#8221; global_colors_info=&#8221;{}&#8221;][et_pb_column type=&#8221;2_5&#8243; _builder_version=&#8221;4.22.2&#8243; _module_preset=&#8221;default&#8221; global_colors_info=&#8221;{}&#8221;][et_pb_image src=&#8221;https://petrana-sabolek.net/wp-content/uploads/2024/09/mjesec.jpg&#8221; title_text=&#8221;ikona knjige&#8221; url=&#8221;https://petrana-sabolek.net/wp-content/uploads/2024/09/mjesec-u-krevetu_web.pdf&#8221; use_overlay=&#8221;on&#8221; overlay_icon_color=&#8221;#E02B20&#8243; hover_overlay_color=&#8221;#FFFFFF&#8221; hover_icon=&#8221;&#xf5da;||fa||900&#8243; _builder_version=&#8221;4.22.2&#8243; _module_preset=&#8221;default&#8221; background_enable_image=&#8221;off&#8221; parallax=&#8221;on&#8221; hover_enabled=&#8221;0&#8243; global_colors_info=&#8221;{}&#8221; sticky_enabled=&#8221;0&#8243;][/et_pb_image][/et_pb_column][et_pb_column type=&#8221;3_5&#8243; _builder_version=&#8221;4.22.2&#8243; _module_preset=&#8221;default&#8221; global_colors_info=&#8221;{}&#8221;][et_pb_text _builder_version=&#8221;4.22.2&#8243; _module_preset=&#8221;default&#8221; text_font=&#8221;Times New Roman||||||||&#8221; global_colors_info=&#8221;{}&#8221;]</p>
<p style="text-align: justify;">…Estetski oblikovana, tehnički dobro opremljena te sadržajno djeci primjerena knjiga stihova „Mjesec u krevetu“ značajan je prilog radu s djecom osobito u poticanju njihova govora, govorne komunikacije i maštovitosti. Zanimljiva je tematika predočena na suptilan, jednostavan, dosjetljiv i djeci razumljiv način, te potiče na razigranost, razmišljanje i stvaranje… <strong>Ministarstvo prosvjete, Zavod za školstvo, Prosvjetni savjetnici za predškolski odgoj</strong></p>
<p style="text-align: justify;">…Autorica zbirke Mjesec u krevetu očito poznaje osobitost djeteta, njega kao estetskog subjekta. Poštujući konkretnost mišljenja djeteta u dobi srednjeg djetinjstva, njihovu radoznalost, maštovitost, optimizam, cjelovitost doživljaja (sinkretizam), kao i sposobnost da dožive pjesničku sliku, osjete ritam i zamisle svijet koji im nudi primjerena lirska pjesma, autorica motivikom pjesama ne izlazi iz okvira emocionalno-spoznajnih mogućnosti najmlađih čitatelja: svijet prirodnih pojava, životinja, dječje svakodnevice… Autorica ne slijedi modernističke tendencije prisutne u dječjoj poeziji, igru riječi, modernu metaforu, nonsens, leksičke i grafičke inovacije), ali ne iznevjerava novi senzibilitet djeteta…  <strong>Dr. Mira Kermek-Sredanović</strong></p>
<p style="text-align: justify;">…Iznenađenje, i to barem dvojako, očekuje svakog pozornog čitatelja zbirke Mjesec u krevetu ne samo zbog činjenice što ova autorica u tzv. svijet dječje književnosti odmah zakoračuje sa samostalnom zbirkom, nego i zato što njena prva knjiga znači stanovito osvježenje u našoj recentnoj pjesničkoj produkciji za djecu. To osvježenje sadržano je, ponajprije, na idejno-tematskom planu autoričine pjesničke &#8220;proizvodnje&#8221;, a potom i na planu jezično-izražajnom, kao bitnom konstituensu u profiliranju osobnog poetskog prostora unutar široko zasnovanog i prakticiranog tradicionalnoga lirskoga govora namijenjenog djeci… <strong>Ernest Fišer</strong></p>
<p>[/et_pb_text][et_pb_toggle title=&#8221;Bibliotečni zapisi&#8221; open_toggle_text_color=&#8221;#032263&#8243; open_toggle_background_color=&#8221;#FFFFFF&#8221; closed_toggle_background_color=&#8221;#FFFFFF&#8221; icon_color=&#8221;#032263&#8243; toggle_icon=&#8221;&#xf233;||fa||900&#8243; open_icon_color=&#8221;#032263&#8243; open_toggle_icon=&#8221;&#xf233;||fa||900&#8243; _builder_version=&#8221;4.22.2&#8243; _module_preset=&#8221;default&#8221; title_text_color=&#8221;#032263&#8243; title_font=&#8221;|600|||||||&#8221; background_color=&#8221;#032263&#8243; global_colors_info=&#8221;{}&#8221;]</p>
<table border="2" style="height: 336px; width: 100%; border-collapse: collapse;">
<tbody>
<tr style="height: 24px;">
<td style="width: 50%; height: 24px;">Naziv knjige</td>
<td style="width: 50%; height: 24px;">MJESEC U KREVETU</td>
</tr>
<tr style="height: 24px;">
<td style="width: 50%; height: 24px;">Autor</td>
<td style="width: 50%; height: 24px;">Petrana Sabolek</td>
</tr>
<tr style="height: 24px;">
<td style="width: 50%; height: 24px;">Kategorija</td>
<td style="width: 50%; height: 24px;">Knjiga za djecu, poetska zbirka</td>
</tr>
<tr style="height: 24px;">
<td style="width: 50%; height: 24px;">Broj stranica</td>
<td style="width: 50%; height: 24px;">104</td>
</tr>
<tr style="height: 24px;">
<td style="width: 50%; height: 24px;">Godina izdanja</td>
<td style="width: 50%; height: 24px;">1990.</td>
</tr>
<tr style="height: 24px;">
<td style="width: 50%; height: 24px;">Nakladnik</td>
<td style="width: 50%; height: 24px;">TIZ ZRINSKI, Čakovec<br />Biblioteka suvremeno pjesništvo, knjiga 33</td>
</tr>
<tr style="height: 24px;">
<td style="width: 50%; height: 24px;">Uvez</td>
<td style="width: 50%; height: 24px;">Tvrdi, šivano, plastificirano</td>
</tr>
<tr style="height: 24px;">
<td style="width: 50%; height: 24px;">Format</td>
<td style="width: 50%; height: 24px;">17,5 x 24,7</td>
</tr>
<tr style="height: 24px;">
<td style="width: 50%; height: 24px;">Naslovna strana crteži i<br />tehnička priprema</td>
<td style="width: 50%; height: 24px;">Boris Lisjak</td>
</tr>
<tr style="height: 24px;">
<td style="width: 50%; height: 24px;">Recenzenti</td>
<td style="width: 50%; height: 24px;">Dr. Mira Kermek-Sredanović<br />Ernest Fišer, prof.</td>
</tr>
<tr style="height: 24px;">
<td style="width: 50%; height: 24px;">ISBN</td>
<td style="width: 50%; height: 24px;">CIP -Naučna i sveučilišna knjižnica Zagreb<br />86-7003-078-0</td>
</tr>
<tr style="height: 24px;">
<td style="width: 50%; height: 24px;">Tisak</td>
<td style="width: 50%; height: 24px;">TIZ Zrinski Čakovec</td>
</tr>
<tr style="height: 24px;">
<td style="width: 50%; height: 24px;">Naklada</td>
<td style="width: 50%; height: 24px;">2000 primjeraka</td>
</tr>
<tr style="height: 24px;">
<td style="width: 50%; height: 24px;">Napomene</td>
<td style="width: 50%; height: 24px;">Tiskano uz subvenciju SIZ-a kulture Općine Čakovec</td>
</tr>
</tbody>
</table>
<p>[/et_pb_toggle][/et_pb_column][/et_pb_row][/et_pb_section]</p>

<p>…Estetski oblikovana, tehnički dobro opremljena te sadržajno djeci primjerena knjiga stihova „Mjesec u krevetu“ značajan je prilog radu s djecom osobito u poticanju njihova govora, govorne komunikacije i maštovitosti. Zanimljiva je tematika predočena na suptilan, jednostavan, dosjetljiv i djeci razumljiv način, te potiče na razigranost, razmišljanje i stvaranje… Ministarstvo prosvjete, Zavod za školstvo, Prosvjetni savjetnici [&hellip;]</p>
