{"id":1233,"date":"2021-09-16T14:33:07","date_gmt":"2021-09-16T14:33:07","guid":{"rendered":"https:\/\/petrana-sabolek.net\/?page_id=1233"},"modified":"2024-09-11T08:01:56","modified_gmt":"2024-09-11T08:01:56","slug":"proljece-u-stigovima","status":"publish","type":"page","link":"https:\/\/petrana-sabolek.net\/index.php\/proljece-u-stigovima\/","title":{"rendered":"Prolje\u0107e ljeto jesen zima u slici i stihovima"},"content":{"rendered":"<p>[et_pb_section fb_built=&#8221;1&#8243; admin_label=&#8221;Hero&#8221; _builder_version=&#8221;4.16&#8243; background_color=&#8221;#FFFFFF&#8221; background_image=&#8221;https:\/\/petrana-sabolek.net\/wp-content\/uploads\/2021\/05\/coding-background-texture.jpg&#8221; background_blend=&#8221;overlay&#8221; custom_padding=&#8221;55px|0px|100px|0px||&#8221; animation_style=&#8221;slide&#8221; animation_direction=&#8221;top&#8221; animation_intensity_slide=&#8221;2%&#8221; da_disable_devices=&#8221;off|off|off&#8221; locked=&#8221;off&#8221; global_colors_info=&#8221;{}&#8221; da_is_popup=&#8221;off&#8221; da_exit_intent=&#8221;off&#8221; da_has_close=&#8221;on&#8221; da_alt_close=&#8221;off&#8221; da_dark_close=&#8221;off&#8221; da_not_modal=&#8221;on&#8221; da_is_singular=&#8221;off&#8221; da_with_loader=&#8221;off&#8221; da_has_shadow=&#8221;on&#8221;][et_pb_row column_structure=&#8221;1_4,3_4&#8243; _builder_version=&#8221;4.16&#8243; _module_preset=&#8221;default&#8221; global_colors_info=&#8221;{}&#8221;][et_pb_column type=&#8221;1_4&#8243; _builder_version=&#8221;4.16&#8243; _module_preset=&#8221;default&#8221; global_colors_info=&#8221;{}&#8221;][et_pb_image src=&#8221;https:\/\/petrana-sabolek.net\/wp-content\/uploads\/2024\/08\/proljece_krug.png&#8221; title_text=&#8221;glavom bez obzira&#8221; _builder_version=&#8221;4.22.2&#8243; _module_preset=&#8221;default&#8221; global_colors_info=&#8221;{}&#8221;][\/et_pb_image][\/et_pb_column][et_pb_column type=&#8221;3_4&#8243; _builder_version=&#8221;4.16&#8243; _module_preset=&#8221;default&#8221; global_colors_info=&#8221;{}&#8221;][et_pb_text _builder_version=&#8221;4.22.2&#8243; _module_preset=&#8221;default&#8221; header_font_size=&#8221;45px&#8221; global_colors_info=&#8221;{}&#8221;]<\/p>\n<h1>&#8220;PROLJE\u0106E LJETO JESEN ZIMA U SLICI I STIHOVIMA&#8221;<\/h1>\n<h3>poetska zbirka za djecu<\/h3>\n<p>[\/et_pb_text][et_pb_text _builder_version=&#8221;4.22.2&#8243; _module_preset=&#8221;default&#8221; custom_padding=&#8221;5px|||||&#8221; hover_enabled=&#8221;0&#8243; global_colors_info=&#8221;{}&#8221; sticky_enabled=&#8221;0&#8243;]<\/p>\n<h3 style=\"text-align: justify;\">Sinopsis<\/h3>\n<p class=\"western\" align=\"justify\"><span style=\"font-family: Calibri, serif;\"><span style=\"font-family: Times New Roman, serif;\"><span style=\"font-size: medium;\"><\/span><\/span><\/span><\/p>\n<p lang=\"bs-BA\" class=\"western\" align=\"justify\"><span style=\"font-size: small;\"><span style=\"font-family: Times New Roman, serif;\"><span style=\"font-size: medium;\">Rukopis <\/span><\/span><span style=\"font-family: Times New Roman, serif;\"><span style=\"font-size: medium;\"><b>\u201e<\/b><\/span><\/span><span style=\"font-family: Times New Roman, serif;\"><span style=\"font-size: medium;\">Prolje\u0107e, ljeto, jesen, zima u slici i stihovima\u201c jo\u0161 je jedna poetska zbirka, koncipirana kao slikovnica na naslovnu temu. \u0160ezdeset pjesama i tri pri\u010de najmla\u0111ima na najprihvatljiviji na\u010din govore o vremenu, predstavljaju\u0107i mjesece, godi\u0161nja doba, dan, no\u0107 i sli\u010dno. Ilustrirana je objavama brojnih pjesama u dje\u010djim \u010dasopisima i \u0161kolskoj literaturi te <\/span><\/span><span style=\"font-family: Times New Roman, serif;\"><span style=\"font-size: medium;\">crte\u017eima mojih unuka, Paule i Vedrana To\u0161i\u0107a, u dobi 6-7 godina. <\/span><\/span><span style=\"font-family: Times New Roman, serif;\"><span style=\"font-size: medium;\">Zbirka je dopunjena i notnim zapisima \u010detiriju uglazbljenih tematskih pjesama, <\/span><\/span><span style=\"font-family: Times New Roman, serif;\"><span style=\"font-size: medium;\"><i>Prolje\u0107e<\/i><\/span><\/span><span style=\"font-family: Times New Roman, serif;\"><span style=\"font-size: medium;\">,<\/span><\/span><span style=\"font-family: Times New Roman, serif;\"><span style=\"font-size: medium;\"><i> Ljeto<\/i><\/span><\/span><span style=\"font-family: Times New Roman, serif;\"><span style=\"font-size: medium;\">,<\/span><\/span><span style=\"font-family: Times New Roman, serif;\"><span style=\"font-size: medium;\"><i> Razigrana Jesen <\/i><\/span><\/span><span style=\"font-family: Times New Roman, serif;\"><span style=\"font-size: medium;\">i<\/span><\/span><span style=\"font-family: Times New Roman, serif;\"><span style=\"font-size: medium;\"><i> Zima<\/i><\/span><\/span><span style=\"font-family: Times New Roman, serif;\"><span style=\"font-size: medium;\">, \u0161to ih se mo\u017ee \u010duti na ovim stranicama pod Nosa\u010di zvuka, CD <\/span><\/span><span style=\"font-family: Times New Roman, serif;\"><span style=\"font-size: medium;\"><i>Petrana Sabolek djeci<\/i><\/span><\/span><span style=\"font-family: Times New Roman, serif;\"><span style=\"font-size: medium;\">. <\/span><\/span><span style=\"font-family: Times New Roman, serif;\"><span style=\"font-size: medium;\">Pa\u017enju privla\u010de i pjesme: \u201eVrijeme \u017eivi bezbri\u017eno\u201c, \u201ePretproljetna sva\u0111a\u201c, \u201eMasla\u010dkov kaput\u201c, \u201eProsvjed\u201c, \u201eIrisova odiseja\u201c, \u201eDa sam ja hobotnica\u201c, \u201eMonsunske ki\u0161e\u201c, \u201ePoplun planina\u201c, \u201eRazigrana jesen\u201c, \u201eGljiva div\u201c, \u201eZimska lula radosti\u201c te pri\u010de \u201eGumbi\u0107 i Valentinovo\u201c, \u201eLijeni snijeg\u201c i \u201eDobri krampus\u201c.<\/span><\/span><\/span><\/p>\n<p>[\/et_pb_text][et_pb_text _builder_version=&#8221;4.22.2&#8243; _module_preset=&#8221;default&#8221; custom_padding=&#8221;5px|||||&#8221; global_colors_info=&#8221;{}&#8221;]<\/p>\n<h3 style=\"text-align: justify;\">Ogledni arak<\/h3>\n<p class=\"western\" align=\"justify\"><span style=\"font-family: Calibri, serif;\"><span style=\"font-family: Times New Roman, serif;\"><span style=\"font-size: medium;\"><\/span><\/span><\/span><\/p>\n<p class=\"western\" align=\"justify\"><span style=\"font-family: Calibri, serif;\"><span style=\"font-family: Times New Roman, serif;\"><span style=\"font-size: medium;\">GODINA<br \/><\/span><\/span><\/span><span style=\"font-family: Calibri, serif;\"><span style=\"font-family: Times New Roman, serif;\"><span style=\"font-size: medium;\">(Blok: Vrijeme)<\/span><\/span><\/span><\/p>\n<p class=\"western\" align=\"justify\">\n<p class=\"western\" align=\"justify\"><span style=\"font-family: Calibri, serif;\"><span style=\"font-family: Times New Roman, serif;\"><span style=\"font-size: medium;\">U veselom slavlju sred no\u0107i iz snova<br \/><\/span><\/span><\/span><span style=\"font-size: medium; font-family: 'Times New Roman', serif;\">kli\u010demo: \u201eSretna godina Nova!<br \/><\/span><span style=\"font-family: Calibri, serif;\"><span style=\"font-family: Times New Roman, serif;\"><span style=\"font-size: medium;\">Nek&#8217; nam je zdravlja<br \/><\/span><\/span><\/span><span style=\"font-size: medium; font-family: 'Times New Roman', serif;\">nek&#8217; nam je sre\u0107e<br \/><\/span><span style=\"font-family: Calibri, serif;\"><span style=\"font-family: Times New Roman, serif;\"><span style=\"font-size: medium;\">nek&#8217; dvanaest mjeseci bezbri\u017eno te\u010de.\u201c<\/span><\/span><\/span><\/p>\n<p class=\"western\" align=\"justify\"><span style=\"font-family: Calibri, serif;\"><span style=\"font-family: Times New Roman, serif;\"><span style=\"font-size: medium;\">A mjesecu svakom dok GODINU prati<br \/><\/span><\/span><\/span><span style=\"font-size: medium; font-family: 'Times New Roman', serif;\">nek&#8217; umilno sunce povazdan zlati \u2013<br \/><\/span><span style=\"font-family: Calibri, serif;\"><span style=\"font-family: Times New Roman, serif;\"><span style=\"font-size: medium;\">iz dana u dan kroz no\u0107nu tminu<br \/><\/span><\/span><\/span><span style=\"font-family: 'Times New Roman', serif;\"><span style=\"font-size: medium;\">kroz PROLJE\u0106E<\/span><\/span><span style=\"font-family: 'Times New Roman', serif;\"><span style=\"font-size: medium;\">,<\/span><\/span><span style=\"font-family: 'Times New Roman', serif;\"><span style=\"font-size: medium;\"> LJETO<\/span><\/span><span style=\"font-family: 'Times New Roman', serif;\"><span style=\"font-size: medium;\">,<\/span><\/span><span style=\"font-family: 'Times New Roman', serif;\"><span style=\"font-size: medium;\"> JESEN <\/span><\/span><span style=\"font-family: 'Times New Roman', serif;\"><span style=\"font-size: medium;\">i<\/span><\/span><span style=\"font-family: 'Times New Roman', serif;\"><span style=\"font-size: medium;\"> ZIMU<\/span><\/span><span style=\"font-family: 'Times New Roman', serif;\"><span style=\"font-size: medium;\">.<\/span><\/span><\/p>\n<p class=\"western\" align=\"justify\"><span style=\"font-family: Calibri, serif;\"><span style=\"font-family: Times New Roman, serif;\"><span style=\"font-size: medium;\">Kroz GODI\u0160NJA DOBA \u0161to ne\u010dujno sti\u017eu<br \/><\/span><\/span><\/span><span style=\"font-family: Calibri, serif;\"><span style=\"font-family: Times New Roman, serif;\"><span style=\"font-size: medium;\">pa poljem, brijegom sveudilj ni\u017eu,<br \/><\/span><\/span><\/span><span style=\"font-family: Calibri, serif;\"><span style=\"font-family: Times New Roman, serif;\"><span style=\"font-size: medium;\">\u010darobnih boja znamenje svoje<br \/><\/span><\/span><\/span><span style=\"font-size: medium; font-family: 'Times New Roman', serif;\">\u0161to GODINI bratska TRI MJESECA kroje.<\/span><\/p>\n<p>[\/et_pb_text][et_pb_image src=&#8221;https:\/\/petrana-sabolek.net\/wp-content\/uploads\/2024\/08\/smibicev-dzepni-kalendar.jpg&#8221; _builder_version=&#8221;4.22.2&#8243; _module_preset=&#8221;default&#8221; global_colors_info=&#8221;{}&#8221;][\/et_pb_image][et_pb_image src=&#8221;https:\/\/petrana-sabolek.net\/wp-content\/uploads\/2024\/08\/proljece-ljeto-jesen-zima.png&#8221; _builder_version=&#8221;4.22.2&#8243; _module_preset=&#8221;default&#8221; global_colors_info=&#8221;{}&#8221;][\/et_pb_image][\/et_pb_column][\/et_pb_row][\/et_pb_section]<\/p>\n","protected":false},"excerpt":{"rendered":"<p>&#8220;PROLJE\u0106E LJETO JESEN ZIMA U SLICI I STIHOVIMA&#8221; poetska zbirka za djecuSinopsis Rukopis \u201eProlje\u0107e, ljeto, jesen, zima u slici i stihovima\u201c jo\u0161 je jedna poetska zbirka, koncipirana kao slikovnica na naslovnu temu. \u0160ezdeset pjesama i tri pri\u010de najmla\u0111ima na najprihvatljiviji na\u010din govore o vremenu, predstavljaju\u0107i mjesece, godi\u0161nja doba, dan, no\u0107 i sli\u010dno. Ilustrirana je objavama [&hellip;]<\/p>\n","protected":false},"author":1,"featured_media":0,"parent":0,"menu_order":0,"comment_status":"closed","ping_status":"closed","template":"","meta":{"_et_pb_use_builder":"on","_et_pb_old_content":"","_et_gb_content_width":"","footnotes":""},"class_list":["post-1233","page","type-page","status-publish","hentry"],"_links":{"self":[{"href":"https:\/\/petrana-sabolek.net\/index.php\/wp-json\/wp\/v2\/pages\/1233","targetHints":{"allow":["GET"]}}],"collection":[{"href":"https:\/\/petrana-sabolek.net\/index.php\/wp-json\/wp\/v2\/pages"}],"about":[{"href":"https:\/\/petrana-sabolek.net\/index.php\/wp-json\/wp\/v2\/types\/page"}],"author":[{"embeddable":true,"href":"https:\/\/petrana-sabolek.net\/index.php\/wp-json\/wp\/v2\/users\/1"}],"replies":[{"embeddable":true,"href":"https:\/\/petrana-sabolek.net\/index.php\/wp-json\/wp\/v2\/comments?post=1233"}],"version-history":[{"count":11,"href":"https:\/\/petrana-sabolek.net\/index.php\/wp-json\/wp\/v2\/pages\/1233\/revisions"}],"predecessor-version":[{"id":4250,"href":"https:\/\/petrana-sabolek.net\/index.php\/wp-json\/wp\/v2\/pages\/1233\/revisions\/4250"}],"wp:attachment":[{"href":"https:\/\/petrana-sabolek.net\/index.php\/wp-json\/wp\/v2\/media?parent=1233"}],"curies":[{"name":"wp","href":"https:\/\/api.w.org\/{rel}","templated":true}]}}

Proljeće ljeto jesen zima u slici i stihovima

<p>[et_pb_section fb_built=&#8221;1&#8243; admin_label=&#8221;Hero&#8221; _builder_version=&#8221;4.16&#8243; background_color=&#8221;#FFFFFF&#8221; background_image=&#8221;https://petrana-sabolek.net/wp-content/uploads/2021/05/coding-background-texture.jpg&#8221; background_blend=&#8221;overlay&#8221; custom_padding=&#8221;55px|0px|100px|0px||&#8221; animation_style=&#8221;slide&#8221; animation_direction=&#8221;top&#8221; animation_intensity_slide=&#8221;2%&#8221; da_disable_devices=&#8221;off|off|off&#8221; locked=&#8221;off&#8221; global_colors_info=&#8221;{}&#8221; da_is_popup=&#8221;off&#8221; da_exit_intent=&#8221;off&#8221; da_has_close=&#8221;on&#8221; da_alt_close=&#8221;off&#8221; da_dark_close=&#8221;off&#8221; da_not_modal=&#8221;on&#8221; da_is_singular=&#8221;off&#8221; da_with_loader=&#8221;off&#8221; da_has_shadow=&#8221;on&#8221;][et_pb_row column_structure=&#8221;1_4,3_4&#8243; _builder_version=&#8221;4.16&#8243; _module_preset=&#8221;default&#8221; global_colors_info=&#8221;{}&#8221;][et_pb_column type=&#8221;1_4&#8243; _builder_version=&#8221;4.16&#8243; _module_preset=&#8221;default&#8221; global_colors_info=&#8221;{}&#8221;][et_pb_image src=&#8221;https://petrana-sabolek.net/wp-content/uploads/2024/08/proljece_krug.png&#8221; title_text=&#8221;glavom bez obzira&#8221; _builder_version=&#8221;4.22.2&#8243; _module_preset=&#8221;default&#8221; global_colors_info=&#8221;{}&#8221;][/et_pb_image][/et_pb_column][et_pb_column type=&#8221;3_4&#8243; _builder_version=&#8221;4.16&#8243; _module_preset=&#8221;default&#8221; global_colors_info=&#8221;{}&#8221;][et_pb_text _builder_version=&#8221;4.22.2&#8243; _module_preset=&#8221;default&#8221; header_font_size=&#8221;45px&#8221; global_colors_info=&#8221;{}&#8221;]</p>
<h1>&#8220;PROLJEĆE LJETO JESEN ZIMA U SLICI I STIHOVIMA&#8221;</h1>
<h3>poetska zbirka za djecu</h3>
<p>[/et_pb_text][et_pb_text _builder_version=&#8221;4.22.2&#8243; _module_preset=&#8221;default&#8221; custom_padding=&#8221;5px|||||&#8221; hover_enabled=&#8221;0&#8243; global_colors_info=&#8221;{}&#8221; sticky_enabled=&#8221;0&#8243;]</p>
<h3 style="text-align: justify;">Sinopsis</h3>
<p class="western" align="justify"><span style="font-family: Calibri, serif;"><span style="font-family: Times New Roman, serif;"><span style="font-size: medium;"></span></span></span></p>
<p lang="bs-BA" class="western" align="justify"><span style="font-size: small;"><span style="font-family: Times New Roman, serif;"><span style="font-size: medium;">Rukopis </span></span><span style="font-family: Times New Roman, serif;"><span style="font-size: medium;"><b>„</b></span></span><span style="font-family: Times New Roman, serif;"><span style="font-size: medium;">Proljeće, ljeto, jesen, zima u slici i stihovima“ još je jedna poetska zbirka, koncipirana kao slikovnica na naslovnu temu. Šezdeset pjesama i tri priče najmlađima na najprihvatljiviji način govore o vremenu, predstavljajući mjesece, godišnja doba, dan, noć i slično. Ilustrirana je objavama brojnih pjesama u dječjim časopisima i školskoj literaturi te </span></span><span style="font-family: Times New Roman, serif;"><span style="font-size: medium;">crtežima mojih unuka, Paule i Vedrana Tošića, u dobi 6-7 godina. </span></span><span style="font-family: Times New Roman, serif;"><span style="font-size: medium;">Zbirka je dopunjena i notnim zapisima četiriju uglazbljenih tematskih pjesama, </span></span><span style="font-family: Times New Roman, serif;"><span style="font-size: medium;"><i>Proljeće</i></span></span><span style="font-family: Times New Roman, serif;"><span style="font-size: medium;">,</span></span><span style="font-family: Times New Roman, serif;"><span style="font-size: medium;"><i> Ljeto</i></span></span><span style="font-family: Times New Roman, serif;"><span style="font-size: medium;">,</span></span><span style="font-family: Times New Roman, serif;"><span style="font-size: medium;"><i> Razigrana Jesen </i></span></span><span style="font-family: Times New Roman, serif;"><span style="font-size: medium;">i</span></span><span style="font-family: Times New Roman, serif;"><span style="font-size: medium;"><i> Zima</i></span></span><span style="font-family: Times New Roman, serif;"><span style="font-size: medium;">, što ih se može čuti na ovim stranicama pod Nosači zvuka, CD </span></span><span style="font-family: Times New Roman, serif;"><span style="font-size: medium;"><i>Petrana Sabolek djeci</i></span></span><span style="font-family: Times New Roman, serif;"><span style="font-size: medium;">. </span></span><span style="font-family: Times New Roman, serif;"><span style="font-size: medium;">Pažnju privlače i pjesme: „Vrijeme živi bezbrižno“, „Pretproljetna svađa“, „Maslačkov kaput“, „Prosvjed“, „Irisova odiseja“, „Da sam ja hobotnica“, „Monsunske kiše“, „Poplun planina“, „Razigrana jesen“, „Gljiva div“, „Zimska lula radosti“ te priče „Gumbić i Valentinovo“, „Lijeni snijeg“ i „Dobri krampus“.</span></span></span></p>
<p>[/et_pb_text][et_pb_text _builder_version=&#8221;4.22.2&#8243; _module_preset=&#8221;default&#8221; custom_padding=&#8221;5px|||||&#8221; global_colors_info=&#8221;{}&#8221;]</p>
<h3 style="text-align: justify;">Ogledni arak</h3>
<p class="western" align="justify"><span style="font-family: Calibri, serif;"><span style="font-family: Times New Roman, serif;"><span style="font-size: medium;"></span></span></span></p>
<p class="western" align="justify"><span style="font-family: Calibri, serif;"><span style="font-family: Times New Roman, serif;"><span style="font-size: medium;">GODINA<br /></span></span></span><span style="font-family: Calibri, serif;"><span style="font-family: Times New Roman, serif;"><span style="font-size: medium;">(Blok: Vrijeme)</span></span></span></p>
<p class="western" align="justify">
<p class="western" align="justify"><span style="font-family: Calibri, serif;"><span style="font-family: Times New Roman, serif;"><span style="font-size: medium;">U veselom slavlju sred noći iz snova<br /></span></span></span><span style="font-size: medium; font-family: 'Times New Roman', serif;">kličemo: „Sretna godina Nova!<br /></span><span style="font-family: Calibri, serif;"><span style="font-family: Times New Roman, serif;"><span style="font-size: medium;">Nek&#8217; nam je zdravlja<br /></span></span></span><span style="font-size: medium; font-family: 'Times New Roman', serif;">nek&#8217; nam je sreće<br /></span><span style="font-family: Calibri, serif;"><span style="font-family: Times New Roman, serif;"><span style="font-size: medium;">nek&#8217; dvanaest mjeseci bezbrižno teče.“</span></span></span></p>
<p class="western" align="justify"><span style="font-family: Calibri, serif;"><span style="font-family: Times New Roman, serif;"><span style="font-size: medium;">A mjesecu svakom dok GODINU prati<br /></span></span></span><span style="font-size: medium; font-family: 'Times New Roman', serif;">nek&#8217; umilno sunce povazdan zlati –<br /></span><span style="font-family: Calibri, serif;"><span style="font-family: Times New Roman, serif;"><span style="font-size: medium;">iz dana u dan kroz noćnu tminu<br /></span></span></span><span style="font-family: 'Times New Roman', serif;"><span style="font-size: medium;">kroz PROLJEĆE</span></span><span style="font-family: 'Times New Roman', serif;"><span style="font-size: medium;">,</span></span><span style="font-family: 'Times New Roman', serif;"><span style="font-size: medium;"> LJETO</span></span><span style="font-family: 'Times New Roman', serif;"><span style="font-size: medium;">,</span></span><span style="font-family: 'Times New Roman', serif;"><span style="font-size: medium;"> JESEN </span></span><span style="font-family: 'Times New Roman', serif;"><span style="font-size: medium;">i</span></span><span style="font-family: 'Times New Roman', serif;"><span style="font-size: medium;"> ZIMU</span></span><span style="font-family: 'Times New Roman', serif;"><span style="font-size: medium;">.</span></span></p>
<p class="western" align="justify"><span style="font-family: Calibri, serif;"><span style="font-family: Times New Roman, serif;"><span style="font-size: medium;">Kroz GODIŠNJA DOBA što nečujno stižu<br /></span></span></span><span style="font-family: Calibri, serif;"><span style="font-family: Times New Roman, serif;"><span style="font-size: medium;">pa poljem, brijegom sveudilj nižu,<br /></span></span></span><span style="font-family: Calibri, serif;"><span style="font-family: Times New Roman, serif;"><span style="font-size: medium;">čarobnih boja znamenje svoje<br /></span></span></span><span style="font-size: medium; font-family: 'Times New Roman', serif;">što GODINI bratska TRI MJESECA kroje.</span></p>
<p>[/et_pb_text][et_pb_image src=&#8221;https://petrana-sabolek.net/wp-content/uploads/2024/08/smibicev-dzepni-kalendar.jpg&#8221; _builder_version=&#8221;4.22.2&#8243; _module_preset=&#8221;default&#8221; global_colors_info=&#8221;{}&#8221;][/et_pb_image][et_pb_image src=&#8221;https://petrana-sabolek.net/wp-content/uploads/2024/08/proljece-ljeto-jesen-zima.png&#8221; _builder_version=&#8221;4.22.2&#8243; _module_preset=&#8221;default&#8221; global_colors_info=&#8221;{}&#8221;][/et_pb_image][/et_pb_column][/et_pb_row][/et_pb_section]</p>

<p>&#8220;PROLJEĆE LJETO JESEN ZIMA U SLICI I STIHOVIMA&#8221; poetska zbirka za djecuSinopsis Rukopis „Proljeće, ljeto, jesen, zima u slici i stihovima“ još je jedna poetska zbirka, koncipirana kao slikovnica na naslovnu temu. Šezdeset pjesama i tri priče najmlađima na najprihvatljiviji način govore o vremenu, predstavljajući mjesece, godišnja doba, dan, noć i slično. Ilustrirana je objavama [&hellip;]</p>
