{"id":1372,"date":"2021-10-05T07:11:57","date_gmt":"2021-10-05T07:11:57","guid":{"rendered":"https:\/\/petrana-sabolek.net\/?page_id=1372"},"modified":"2024-08-22T07:27:32","modified_gmt":"2024-08-22T07:27:32","slug":"od-slova-do-slova-2","status":"publish","type":"page","link":"https:\/\/petrana-sabolek.net\/index.php\/od-slova-do-slova-2\/","title":{"rendered":"Od slova do slova"},"content":{"rendered":"<p>[et_pb_section fb_built=&#8221;1&#8243; _builder_version=&#8221;4.16&#8243; _module_preset=&#8221;default&#8221; custom_padding=&#8221;||0px|||&#8221; da_disable_devices=&#8221;off|off|off&#8221; global_colors_info=&#8221;{}&#8221; da_is_popup=&#8221;off&#8221; da_exit_intent=&#8221;off&#8221; da_has_close=&#8221;on&#8221; da_alt_close=&#8221;off&#8221; da_dark_close=&#8221;off&#8221; da_not_modal=&#8221;on&#8221; da_is_singular=&#8221;off&#8221; da_with_loader=&#8221;off&#8221; da_has_shadow=&#8221;on&#8221;][et_pb_row column_structure=&#8221;2_5,3_5&#8243; _builder_version=&#8221;4.22.2&#8243; _module_preset=&#8221;default&#8221; global_colors_info=&#8221;{}&#8221; locked=&#8221;off&#8221;][et_pb_column type=&#8221;2_5&#8243; _builder_version=&#8221;4.22.2&#8243; _module_preset=&#8221;default&#8221; global_colors_info=&#8221;{}&#8221;][et_pb_image src=&#8221;https:\/\/petrana-sabolek.net\/wp-content\/uploads\/2021\/10\/od-slova-do-slova.png&#8221; title_text=&#8221;ikona knjige&#8221; url=&#8221;https:\/\/petrana-sabolek.net\/wp-content\/uploads\/2021\/10\/od-slova-do-slova-gotovo.pdf&#8221; use_overlay=&#8221;on&#8221; overlay_icon_color=&#8221;#E02B20&#8243; hover_overlay_color=&#8221;#FFFFFF&#8221; hover_icon=&#8221;&#xf5da;||fa||900&#8243; _builder_version=&#8221;4.22.2&#8243; _module_preset=&#8221;default&#8221; background_enable_image=&#8221;off&#8221; parallax=&#8221;on&#8221; hover_enabled=&#8221;0&#8243; global_colors_info=&#8221;{}&#8221; sticky_enabled=&#8221;0&#8243;][\/et_pb_image][\/et_pb_column][et_pb_column type=&#8221;3_5&#8243; _builder_version=&#8221;4.22.2&#8243; _module_preset=&#8221;default&#8221; global_colors_info=&#8221;{}&#8221;][et_pb_text _builder_version=&#8221;4.22.2&#8243; _module_preset=&#8221;default&#8221; text_font=&#8221;Times New Roman||||||||&#8221; hover_enabled=&#8221;0&#8243; global_colors_info=&#8221;{}&#8221; sticky_enabled=&#8221;0&#8243;]<\/p>\n<p style=\"text-align: justify;\">\u2026I u ovoj zbirci autorica se ponajprije igra. Stihove oblikuje prema pojedinom slovu abecede; posrijedi je rado kori\u0161ten postupak dje\u010djih pjesnika da forma prati &#8220;sadr\u017eaj&#8221;: govorimo o vizualnom, slikovnom ili konkretisti\u010dkom pjesni\u0161tvu. Petrana se, me\u0111utim, u toj zbirci dvostruko igra: osim formom igra se i samim sadr\u017eajem ispunjavaju\u0107i ga pojmovima koji u svojoj morfostrukturi imaju slovo o kojem govori pjesma. (\u2026 ) O\u010dito dobismo pjesnikinju koja je ne samo u \u017eupanijskim okvirima srcem, du\u0161om i perom sva posve\u0107ena najmla\u0111ima. Petrana Sabolek ovom je zbirkom jo\u0161 ve\u0107ma potvrdila svoju zaljubljenost u dje\u010dji svijet, znatno vi\u0161e od ponekih &#8220;u\u010denih&#8221; pedagoga ili ponekih dje\u010djih pjesnika. <strong>Dr. Stjepan Hranjec. <\/strong><\/p>\n<p>[\/et_pb_text][et_pb_toggle title=&#8221;Bibliote\u010dni zapisi&#8221; open_toggle_text_color=&#8221;#032263&#8243; open_toggle_background_color=&#8221;#FFFFFF&#8221; closed_toggle_background_color=&#8221;#FFFFFF&#8221; icon_color=&#8221;#032263&#8243; toggle_icon=&#8221;&#xf233;||fa||900&#8243; open_icon_color=&#8221;#032263&#8243; open_toggle_icon=&#8221;&#xf233;||fa||900&#8243; _builder_version=&#8221;4.22.2&#8243; _module_preset=&#8221;default&#8221; title_text_color=&#8221;#032263&#8243; title_font=&#8221;|600|||||||&#8221; background_color=&#8221;#032263&#8243; hover_enabled=&#8221;0&#8243; global_colors_info=&#8221;{}&#8221; sticky_enabled=&#8221;0&#8243;]<\/p>\n<table>\n<tbody>\n<tr>\n<td colspan=\"2\"><span>BIBLIOTE\u010cNI <\/span><span>PODACI O KNJIZI <\/span><\/td>\n<\/tr>\n<tr>\n<td><span>Naziv knjige<\/span><\/td>\n<td><span>OD SLOVA DO SLOVA<\/span><\/td>\n<\/tr>\n<tr>\n<td><span>Autor<\/span><\/td>\n<td><span>Petrana Sabolek<\/span><\/td>\n<\/tr>\n<tr>\n<td><span>Kategorija<\/span><\/td>\n<td><span>Knjiga za djecu, poetska zbirka <\/span><\/td>\n<\/tr>\n<tr>\n<td><span>Broj stranica<\/span><\/td>\n<td><span>68<\/span><\/td>\n<\/tr>\n<tr>\n<td><span>Godina izdanja<\/span><\/td>\n<td><span>1998.<\/span><\/td>\n<\/tr>\n<tr>\n<td><span>Nakladnik<\/span><\/td>\n<td><span>KNJI\u017dEVNI KRUG &#8220;Re\u010di rie\u010d&#8221; \u010cakovec <\/span><\/td>\n<\/tr>\n<tr>\n<td><span>Uvez<\/span><\/td>\n<td><span>Tvrdi, \u0161ivano<\/span><\/td>\n<\/tr>\n<tr>\n<td><span>Format<\/span><\/td>\n<td><span>17,5 x 24,7<\/span><\/td>\n<\/tr>\n<tr>\n<td><span>Likovna obrada<\/span><\/td>\n<td><span>Sabolek Katarina<\/span><\/td>\n<\/tr>\n<tr>\n<td><span>Ilustracije<\/span><\/td>\n<td><span>U\u010denici II. b. r. O\u0160 Strahoninec, <\/span><span style=\"font-family: inherit; font-size: inherit;\">S. Opa\u010dak<\/span><\/td>\n<\/tr>\n<tr>\n<td><span>Recenzenti<\/span><\/td>\n<td><span>dr. Stjepko Te\u017eak,\u00a0<\/span><span>dr. Stjepan Hranjec<\/span><\/td>\n<\/tr>\n<tr>\n<td><span>UDK<\/span><\/td>\n<td>\n<p><span>CIP &#8211; Nau\u010dna I sveu\u010dili\u0161na knji\u017enica Zagreb <\/span><\/p>\n<p><span>886.2-1<\/span><\/p>\n<\/td>\n<\/tr>\n<tr>\n<td><span>ISBN <\/span><\/td>\n<td><span>86-7003-078-0<\/span><\/td>\n<\/tr>\n<tr>\n<td><span>Tisak i uvez<\/span><\/td>\n<td><span>Knjigoplastika, \u010cakovec<\/span><\/td>\n<\/tr>\n<tr>\n<td><span>Naklada <\/span><\/td>\n<td><span>1000 primjeraka<\/span><\/td>\n<\/tr>\n<tr>\n<td><span>Napomene:<\/span><\/td>\n<td><span>Neraspolo\u017eivo<\/span><\/td>\n<\/tr>\n<\/tbody>\n<\/table>\n<p>[\/et_pb_toggle][\/et_pb_column][\/et_pb_row][\/et_pb_section]<\/p>\n","protected":false},"excerpt":{"rendered":"<p>\u2026I u ovoj zbirci autorica se ponajprije igra. Stihove oblikuje prema pojedinom slovu abecede; posrijedi je rado kori\u0161ten postupak dje\u010djih pjesnika da forma prati &#8220;sadr\u017eaj&#8221;: govorimo o vizualnom, slikovnom ili konkretisti\u010dkom pjesni\u0161tvu. Petrana se, me\u0111utim, u toj zbirci dvostruko igra: osim formom igra se i samim sadr\u017eajem ispunjavaju\u0107i ga pojmovima koji u svojoj morfostrukturi imaju [&hellip;]<\/p>\n","protected":false},"author":1,"featured_media":0,"parent":0,"menu_order":0,"comment_status":"closed","ping_status":"closed","template":"","meta":{"_et_pb_use_builder":"on","_et_pb_old_content":"","_et_gb_content_width":"","footnotes":""},"class_list":["post-1372","page","type-page","status-publish","hentry"],"_links":{"self":[{"href":"https:\/\/petrana-sabolek.net\/index.php\/wp-json\/wp\/v2\/pages\/1372","targetHints":{"allow":["GET"]}}],"collection":[{"href":"https:\/\/petrana-sabolek.net\/index.php\/wp-json\/wp\/v2\/pages"}],"about":[{"href":"https:\/\/petrana-sabolek.net\/index.php\/wp-json\/wp\/v2\/types\/page"}],"author":[{"embeddable":true,"href":"https:\/\/petrana-sabolek.net\/index.php\/wp-json\/wp\/v2\/users\/1"}],"replies":[{"embeddable":true,"href":"https:\/\/petrana-sabolek.net\/index.php\/wp-json\/wp\/v2\/comments?post=1372"}],"version-history":[{"count":7,"href":"https:\/\/petrana-sabolek.net\/index.php\/wp-json\/wp\/v2\/pages\/1372\/revisions"}],"predecessor-version":[{"id":4048,"href":"https:\/\/petrana-sabolek.net\/index.php\/wp-json\/wp\/v2\/pages\/1372\/revisions\/4048"}],"wp:attachment":[{"href":"https:\/\/petrana-sabolek.net\/index.php\/wp-json\/wp\/v2\/media?parent=1372"}],"curies":[{"name":"wp","href":"https:\/\/api.w.org\/{rel}","templated":true}]}}