{"id":1545,"date":"2021-10-12T13:56:28","date_gmt":"2021-10-12T13:56:28","guid":{"rendered":"https:\/\/petrana-sabolek.net\/?page_id=1545"},"modified":"2025-10-31T10:22:15","modified_gmt":"2025-10-31T10:22:15","slug":"scvrto-zivljenje-3","status":"publish","type":"page","link":"https:\/\/petrana-sabolek.net\/index.php\/scvrto-zivljenje-3\/","title":{"rendered":"Scvrto \u017eivljenje"},"content":{"rendered":"<p>[et_pb_section fb_built=&#8221;1&#8243; _builder_version=&#8221;4.16&#8243; _module_preset=&#8221;default&#8221; custom_padding=&#8221;||0px|||&#8221; global_colors_info=&#8221;{}&#8221;][et_pb_row column_structure=&#8221;2_5,3_5&#8243; _builder_version=&#8221;4.22.2&#8243; _module_preset=&#8221;default&#8221; locked=&#8221;off&#8221; global_colors_info=&#8221;{}&#8221;][et_pb_column type=&#8221;2_5&#8243; _builder_version=&#8221;4.22.2&#8243; _module_preset=&#8221;default&#8221; global_colors_info=&#8221;{}&#8221;][et_pb_image src=&#8221;https:\/\/petrana-sabolek.net\/wp-content\/uploads\/2025\/10\/Prapocetak-nije-daleko.jpg&#8221; title_text=&#8221;ikona knjige&#8221; url=&#8221;https:\/\/petrana-sabolek.net\/wp-content\/uploads\/2025\/10\/Petrana-Prapocetak-nije-daleko.pdf&#8221; use_overlay=&#8221;on&#8221; overlay_icon_color=&#8221;#E02B20&#8243; hover_overlay_color=&#8221;#FFFFFF&#8221; hover_icon=&#8221;&#xf5da;||fa||900&#8243; _builder_version=&#8221;4.22.2&#8243; _module_preset=&#8221;default&#8221; background_enable_image=&#8221;off&#8221; parallax=&#8221;on&#8221; global_colors_info=&#8221;{}&#8221;][\/et_pb_image][\/et_pb_column][et_pb_column type=&#8221;3_5&#8243; _builder_version=&#8221;4.22.2&#8243; _module_preset=&#8221;default&#8221; global_colors_info=&#8221;{}&#8221;][et_pb_text _builder_version=&#8221;4.22.2&#8243; _module_preset=&#8221;default&#8221; text_font=&#8221;Times New Roman||||||||&#8221; hover_enabled=&#8221;0&#8243; global_colors_info=&#8221;{}&#8221; sticky_enabled=&#8221;0&#8243;]<\/p>\n<p style=\"text-align: justify;\"><strong>Prapo\u010detak nije daleko<\/strong> putovanje je bez tra\u010dnica, bez poznatih orijentira, ali s jasnim unutarnjim kompasom: intuicijom, duhom i iskreno\u0161\u0107u. Kroz svakodnevno, realisti\u010dno, futuri-sti\u010dki, nadrealno, \u0161aljivo, ali i neminovno\u0161\u0107u vremena uzne-miruju\u0107e, vodi nas prema ne\u010demu neizrecivom, dubokom i preobra\u017eavaju\u0107em \u2014 <b>prapo\u010detku<\/b>. Pri\u010de tematskih cjelina <i>Ogledalo du\u0161e<\/i>, <i>Pamet na reset<\/i>, <i>Ispu\u0161teno iz vida<\/i> i <i>Putem<\/i> bez kolosijeka, suo\u010davaju nas sa stvarno\u0161\u0107u, snovima i unutarnjim vizijama, tematiziraju\u0107i krhkost ljudske du\u0161e i snage, besmisao bahatosti kao i respekt gledanja onih koji vide dalje od vidljivog. U ovoj knjizi stoga nema krajnosti koje ne postaju po\u010detci, ni poraza koji ne zra\u010de iskonom novoga radi \u010dega je i naslov zbirke vi\u0161e od naslova \u2014 <b>Prapo\u010detak nije daleko<\/b> je stav, \u0161apat koji odzvanja u svakoj pri\u010di pozivom na ponovno promi\u0161ljanje postojanja, onoga \u0161to jest, \u0161to je bilo ili \u0107e, mogu\u0107e, biti.<\/p>\n<p style=\"text-align: right;\"><b>Autorica<\/b><\/p>\n<p style=\"text-align: justify;\">Temperament teksta u mini-areni kratke pri\u010de izgledno najvi\u0161e je odgovarao Petrani Sabolek za opisno detaljiziranje high i low paradoksa teku\u0107e epohe ko\u0161marnog postojanja. Autorica je kreativno voljno sebe stavila pred realizacijski izazov istodobnog tra\u017eenja gotovo filmske brzine, ali i pune posve\u0107enosti pojedinoj od &#8220;<i>epizoda<\/i>&#8220;. Lako crti\u010dnog, promptnog razvijanja fabule, posezanjem za metodom trenutka okretnih sa\u017eimanja i zgu\u0161njavanja zgoda, za svaki prozni &#8220;<i>izlog<\/i>&#8221; osmi\u0161ljen je izvorni afinitet, imaginacija, inklinacija. Istovremeno, mozai\u010dno \u0161irok raspon tema ima k\u00f4d impresijski centrirati sve simboli\u010dnom urgencijom u naslovu zbirke. Ma\u0161tovite ali dovoljno ilustrativne projekcije mada slobodno transponirane u surealni prezent, na razini ideje i poruke ekspresivno i verbalno dvore armiranu predanost anga\u017eiranosti op\u0107eg, generalnog rje\u0161enja za sve nas, svijeti u cjelini: <b>vra\u0107anje temeljnim postavkama<\/b>.<\/p>\n<p style=\"text-align: right;\"><b>Robertino Bartolec<\/b><\/p>\n<p>[\/et_pb_text][et_pb_toggle title=&#8221;Bibliote\u010dni zapisi&#8221; open_toggle_text_color=&#8221;#032263&#8243; open_toggle_background_color=&#8221;#FFFFFF&#8221; closed_toggle_background_color=&#8221;#FFFFFF&#8221; icon_color=&#8221;#032263&#8243; toggle_icon=&#8221;&#xf233;||fa||900&#8243; open_icon_color=&#8221;#032263&#8243; open_toggle_icon=&#8221;&#xf233;||fa||900&#8243; _builder_version=&#8221;4.22.2&#8243; _module_preset=&#8221;default&#8221; title_text_color=&#8221;#032263&#8243; title_font=&#8221;|600|||||||&#8221; background_color=&#8221;#032263&#8243; hover_enabled=&#8221;0&#8243; global_colors_info=&#8221;{}&#8221; sticky_enabled=&#8221;0&#8243;]<\/p>\n<table width=\"605\" cellpadding=\"7\" cellspacing=\"0\">\n<tbody>\n<tr>\n<td colspan=\"2\" width=\"591\" height=\"34\" valign=\"top\">\n<p class=\"western\" align=\"center\"><span style=\"font-family: Calibri, serif;\"><span style=\"font-size: small;\"><span style=\"font-family: Century Gothic, serif;\"><span style=\"font-size: x-large;\">BIBLIOTE\u010cNI PODACI O KNJIZI<\/span><\/span><\/span><\/span><\/p>\n<p class=\"western\" align=\"center\">\u201e<span style=\"font-family: Calibri, serif;\"><span style=\"font-size: small;\"><span style=\"font-family: Century Gothic, serif;\"><span style=\"font-size: x-large;\">PRAPO\u010cETAK NIJE DALEKO\u201c<\/span><\/span><\/span><\/span><\/p>\n<p class=\"western\" align=\"center\">\n<p class=\"western\" align=\"left\">\n<\/td>\n<\/tr>\n<tr valign=\"top\">\n<td width=\"370\">\n<p class=\"western\" align=\"left\"><span style=\"font-family: Calibri, serif;\"><span style=\"font-size: small;\"><span style=\"font-family: Century Gothic, serif;\"><span style=\"font-size: large;\">Petrana Sabolek<\/span><\/span><\/span><\/span><\/p>\n<p class=\"western\" align=\"left\">\n<\/td>\n<td width=\"207\">\n<p class=\"western\" align=\"left\">\n<\/td>\n<\/tr>\n<tr valign=\"top\">\n<td width=\"370\">\n<p class=\"western\" align=\"left\"><span style=\"font-family: Calibri, serif;\"><span style=\"font-size: small;\"><span style=\"font-family: Century Gothic, serif;\"><span style=\"font-size: large;\">Poezija<\/span><\/span><\/span><\/span><\/p>\n<p class=\"western\" align=\"left\">\n<\/td>\n<td width=\"207\">\n<p class=\"western\" align=\"left\">\n<\/td>\n<\/tr>\n<tr valign=\"top\">\n<td width=\"370\">\n<p class=\"western\" align=\"left\"><span style=\"font-family: Calibri, serif;\"><span style=\"font-size: small;\"><span style=\"font-family: Century Gothic, serif;\"><span style=\"font-size: large;\">192<\/span><\/span><\/span><\/span><\/p>\n<p class=\"western\" align=\"left\">\n<\/td>\n<td width=\"207\">\n<p class=\"western\" align=\"left\">\n<\/td>\n<\/tr>\n<tr valign=\"top\">\n<td width=\"370\">\n<p class=\"western\" align=\"left\"><span style=\"font-family: Calibri, serif;\"><span style=\"font-size: small;\"><span style=\"font-family: Century Gothic, serif;\"><span style=\"font-size: large;\">2025.<\/span><\/span><\/span><\/span><\/p>\n<p class=\"western\" align=\"left\">\n<\/td>\n<td width=\"207\">\n<p class=\"western\" align=\"left\">\n<\/td>\n<\/tr>\n<tr valign=\"top\">\n<td width=\"370\">\n<p class=\"western\" align=\"left\"><span style=\"font-family: Calibri, serif;\"><span style=\"font-size: small;\"><span style=\"font-family: Century Gothic, serif;\"><span style=\"font-size: large;\">Modernist nakladni\u0161tvo, Vara\u017edin<\/span><\/span><\/span><\/span><\/p>\n<p class=\"western\" align=\"left\">\n<\/td>\n<td width=\"207\">\n<p class=\"western\" align=\"left\">\n<\/td>\n<\/tr>\n<tr valign=\"top\">\n<td width=\"370\">\n<p class=\"western\" align=\"left\"><span style=\"font-family: Calibri, serif;\"><span style=\"font-size: small;\"><span style=\"font-family: Century Gothic, serif;\"><span style=\"font-size: large;\">Meko, \u0161ivano<\/span><\/span><\/span><\/span><\/p>\n<p class=\"western\" align=\"left\">\n<\/td>\n<td width=\"207\">\n<p class=\"western\" align=\"left\">\n<\/td>\n<\/tr>\n<tr valign=\"top\">\n<td width=\"370\">\n<p class=\"western\" align=\"left\"><span style=\"font-family: Calibri, serif;\"><span style=\"font-size: small;\"><span style=\"font-family: Century Gothic, serif;\"><span style=\"font-size: large;\">14,4 x 20,2<\/span><\/span><\/span><\/span><\/p>\n<p class=\"western\" align=\"left\">\n<\/td>\n<td width=\"207\">\n<p class=\"western\" align=\"left\">\n<\/td>\n<\/tr>\n<tr valign=\"top\">\n<td width=\"370\">\n<p class=\"western\" align=\"left\"><span style=\"font-family: Calibri, serif;\"><span style=\"font-size: small;\"><span style=\"font-family: Century Gothic, serif;\"><span style=\"font-size: large;\">Zdravko Luka\u010devi\u0107<\/span><\/span><\/span><\/span><\/p>\n<p class=\"western\" align=\"left\">\n<\/td>\n<td width=\"207\">\n<p class=\"western\" align=\"left\">\n<\/td>\n<\/tr>\n<tr valign=\"top\">\n<td width=\"370\">\n<p class=\"western\" align=\"left\"><span style=\"font-family: Calibri, serif;\"><span style=\"font-size: small;\"><span style=\"font-family: Century Gothic, serif;\"><span style=\"font-size: large;\">978-953-7281-80-9 <\/span><\/span><\/span><\/span><\/p>\n<p class=\"western\" align=\"left\"><span style=\"font-family: Calibri, serif;\"><span style=\"font-size: small;\"><span style=\"font-family: Century Gothic, serif;\"><span style=\"font-size: large;\">CIP &#8211; Nau\u010dna I sveu\u010dili\u0161na knji\u017enica Zagreb pod brojem 001278190<\/span><\/span><\/span><\/span><\/p>\n<p class=\"western\" align=\"left\">\n<\/td>\n<td width=\"207\">\n<p class=\"western\" align=\"left\">\n<\/td>\n<\/tr>\n<tr valign=\"top\">\n<td width=\"370\">\n<p class=\"western\" align=\"left\"><span style=\"font-family: Calibri, serif;\"><span style=\"font-size: small;\"><span style=\"font-family: Century Gothic, serif;\"><span style=\"font-size: large;\">Modernist, Vara\u017edin<\/span><\/span><\/span><\/span><\/p>\n<\/td>\n<td width=\"207\">\n<p class=\"western\" align=\"left\">\n<\/td>\n<\/tr>\n<tr valign=\"top\">\n<td width=\"370\">\n<p class=\"western\" align=\"left\"><span style=\"font-family: Calibri, serif;\"><span style=\"font-size: small;\"><span style=\"font-family: Century Gothic, serif;\"><span style=\"font-size: large;\">&#8211;<\/span><\/span><\/span><\/span><\/p>\n<p class=\"western\" align=\"left\">\n<p class=\"western\" align=\"left\">\n<p class=\"western\" align=\"left\">\n<p class=\"western\" align=\"left\">\n<p class=\"western\" align=\"left\">\n<p class=\"western\" align=\"left\">\n<p class=\"western\" align=\"left\">\n<p class=\"western\" align=\"left\">\n<p class=\"western\" align=\"left\">\n<p class=\"western\" align=\"left\">\n<p class=\"western\" align=\"left\">\n<\/td>\n<td width=\"207\">\n<p class=\"western\" align=\"left\">\n<\/td>\n<\/tr>\n<\/tbody>\n<\/table>\n<p>&nbsp;<\/p>\n<p>[\/et_pb_toggle][\/et_pb_column][\/et_pb_row][\/et_pb_section]<\/p>\n","protected":false},"excerpt":{"rendered":"<p>Prapo\u010detak nije daleko putovanje je bez tra\u010dnica, bez poznatih orijentira, ali s jasnim unutarnjim kompasom: intuicijom, duhom i iskreno\u0161\u0107u. Kroz svakodnevno, realisti\u010dno, futuri-sti\u010dki, nadrealno, \u0161aljivo, ali i neminovno\u0161\u0107u vremena uzne-miruju\u0107e, vodi nas prema ne\u010demu neizrecivom, dubokom i preobra\u017eavaju\u0107em \u2014 prapo\u010detku. Pri\u010de tematskih cjelina Ogledalo du\u0161e, Pamet na reset, Ispu\u0161teno iz vida i Putem bez kolosijeka, [&hellip;]<\/p>\n","protected":false},"author":1,"featured_media":0,"parent":0,"menu_order":0,"comment_status":"closed","ping_status":"closed","template":"","meta":{"_et_pb_use_builder":"on","_et_pb_old_content":"","_et_gb_content_width":"","footnotes":""},"class_list":["post-1545","page","type-page","status-publish","hentry"],"_links":{"self":[{"href":"https:\/\/petrana-sabolek.net\/index.php\/wp-json\/wp\/v2\/pages\/1545","targetHints":{"allow":["GET"]}}],"collection":[{"href":"https:\/\/petrana-sabolek.net\/index.php\/wp-json\/wp\/v2\/pages"}],"about":[{"href":"https:\/\/petrana-sabolek.net\/index.php\/wp-json\/wp\/v2\/types\/page"}],"author":[{"embeddable":true,"href":"https:\/\/petrana-sabolek.net\/index.php\/wp-json\/wp\/v2\/users\/1"}],"replies":[{"embeddable":true,"href":"https:\/\/petrana-sabolek.net\/index.php\/wp-json\/wp\/v2\/comments?post=1545"}],"version-history":[{"count":8,"href":"https:\/\/petrana-sabolek.net\/index.php\/wp-json\/wp\/v2\/pages\/1545\/revisions"}],"predecessor-version":[{"id":4559,"href":"https:\/\/petrana-sabolek.net\/index.php\/wp-json\/wp\/v2\/pages\/1545\/revisions\/4559"}],"wp:attachment":[{"href":"https:\/\/petrana-sabolek.net\/index.php\/wp-json\/wp\/v2\/media?parent=1545"}],"curies":[{"name":"wp","href":"https:\/\/api.w.org\/{rel}","templated":true}]}}