{"id":299,"date":"2021-06-28T09:28:53","date_gmt":"2021-06-28T09:28:53","guid":{"rendered":"https:\/\/petrana-sabolek.net\/?page_id=299"},"modified":"2021-10-26T12:50:18","modified_gmt":"2021-10-26T12:50:18","slug":"knjizevna-kritika","status":"publish","type":"page","link":"https:\/\/petrana-sabolek.net\/index.php\/knjizevna-kritika\/","title":{"rendered":"KNJI\u017dEVNI OSVRTI"},"content":{"rendered":"<p>[et_pb_section fb_built=&#8221;1&#8243; admin_label=&#8221;Classes&#8221; _builder_version=&#8221;3.22.7&#8243; custom_padding=&#8221;8px||0px|||&#8221; da_disable_devices=&#8221;off|off|off&#8221; da_is_popup=&#8221;off&#8221; da_exit_intent=&#8221;off&#8221; da_has_close=&#8221;on&#8221; da_alt_close=&#8221;off&#8221; da_dark_close=&#8221;off&#8221; da_not_modal=&#8221;on&#8221; da_is_singular=&#8221;off&#8221; da_with_loader=&#8221;off&#8221; da_has_shadow=&#8221;on&#8221;][et_pb_row _builder_version=&#8221;4.9.4&#8243; background_size=&#8221;initial&#8221; background_position=&#8221;top_right&#8221; min_height=&#8221;36px&#8221; custom_margin=&#8221;|auto||auto|false|false&#8221; custom_padding=&#8221;||||false|false&#8221; border_color_all=&#8221;rgba(0,0,0,0.12)&#8221; locked=&#8221;off&#8221;][et_pb_column type=&#8221;4_4&#8243; _builder_version=&#8221;3.25&#8243; custom_padding=&#8221;|||&#8221; custom_padding__hover=&#8221;|||&#8221;][et_pb_text disabled_on=&#8221;on|on|off&#8221; _builder_version=&#8221;4.9.4&#8243; text_font=&#8221;|300|||||||&#8221; text_font_size=&#8221;63px&#8221; text_line_height=&#8221;1em&#8221; header_font=&#8221;||||||||&#8221; header_3_font=&#8221;Montserrat|600|||||||&#8221; header_3_font_size=&#8221;70px&#8221; header_3_line_height=&#8221;1.2em&#8221; background_color=&#8221;#ffffff&#8221; background_color_gradient_direction=&#8221;90deg&#8221; text_orientation=&#8221;center&#8221; max_width=&#8221;636px&#8221; module_alignment=&#8221;center&#8221; custom_margin=&#8221;|13px|20px|||&#8221; custom_margin_tablet=&#8221;&#8221; custom_margin_phone=&#8221;||-60px|&#8221; custom_margin_last_edited=&#8221;on|phone&#8221; header_3_font_size_tablet=&#8221;50px&#8221; header_3_font_size_phone=&#8221;30px&#8221; header_3_font_size_last_edited=&#8221;on|phone&#8221;]<\/p>\n<p>Knji\u017eevni osvrti<\/p>\n<p>[\/et_pb_text][et_pb_text disabled_on=&#8221;off|off|on&#8221; _builder_version=&#8221;4.9.4&#8243; text_font=&#8221;|300|||||||&#8221; text_font_size=&#8221;35px&#8221; text_line_height=&#8221;1em&#8221; header_font=&#8221;||||||||&#8221; header_3_font=&#8221;Montserrat|600|||||||&#8221; header_3_font_size=&#8221;70px&#8221; header_3_line_height=&#8221;1.2em&#8221; background_color=&#8221;#ffffff&#8221; background_color_gradient_direction=&#8221;90deg&#8221; text_orientation=&#8221;center&#8221; max_width=&#8221;636px&#8221; module_alignment=&#8221;center&#8221; custom_margin=&#8221;|13px|20px|||&#8221; custom_margin_tablet=&#8221;&#8221; custom_margin_phone=&#8221;||-60px|&#8221; custom_margin_last_edited=&#8221;on|phone&#8221; custom_padding=&#8221;||46px|||&#8221; header_3_font_size_tablet=&#8221;50px&#8221; header_3_font_size_phone=&#8221;30px&#8221; header_3_font_size_last_edited=&#8221;on|phone&#8221;]<\/p>\n<p>Knji\u017eevni osvrti<\/p>\n<p>[\/et_pb_text][\/et_pb_column][\/et_pb_row][\/et_pb_section][et_pb_section fb_built=&#8221;1&#8243; admin_label=&#8221;Classes&#8221; _builder_version=&#8221;3.22.7&#8243; custom_padding=&#8221;0px|||||&#8221; da_disable_devices=&#8221;off|off|off&#8221; da_is_popup=&#8221;off&#8221; da_exit_intent=&#8221;off&#8221; da_has_close=&#8221;on&#8221; da_alt_close=&#8221;off&#8221; da_dark_close=&#8221;off&#8221; da_not_modal=&#8221;on&#8221; da_is_singular=&#8221;off&#8221; da_with_loader=&#8221;off&#8221; da_has_shadow=&#8221;on&#8221;][et_pb_row column_structure=&#8221;1_3,1_3,1_3&#8243; _builder_version=&#8221;4.9.4&#8243; _module_preset=&#8221;default&#8221;][et_pb_column type=&#8221;1_3&#8243; _builder_version=&#8221;4.9.4&#8243; _module_preset=&#8221;default&#8221;][et_pb_testimonial author=&#8221;mr. sc. Ivan Zvonar&#8221; job_title=&#8221;2015., u povodu izlaska iz tiska romana za mlade %22Tarzan pod smokvom%22.&#8221; portrait_url=&#8221;https:\/\/petrana-sabolek.net\/wp-content\/uploads\/2021\/06\/kaj_11ivanzvonar.jpg&#8221; quote_icon_color=&#8221;RGBA(0,0,0,0)&#8221; quote_icon_background_color=&#8221;RGBA(0,0,0,0)&#8221; portrait_width=&#8221;120px&#8221; portrait_height=&#8221;120px&#8221; _builder_version=&#8221;4.9.4&#8243; _module_preset=&#8221;default&#8221; position_font=&#8221;||on||||||&#8221; background_color=&#8221;#efefef&#8221; height=&#8221;450px&#8221; animation_style=&#8221;fold&#8221;]<\/p>\n<p style=\"text-align: justify;\">(\u2026) Da se knjiga pojavila \u0161ezdesetih godina pro\u0161loga stolje\u0107a, bila bi bestseler i mogla bi konkurirati &#8220;Junacima pavlove ulice&#8221;, &#8220;Lete\u0107em razredu&#8221;, &#8220;Vlaku u snijegu&#8221; i drugim tada vrlo popularnim romanima za omladinu. (\u2026)<\/p>\n<p>[\/et_pb_testimonial][et_pb_testimonial author=&#8221;MEF &#8211; Me\u0111imurski festival %22Ljubomir Kuntari\u0107%22 \u010cakovec&#8221; job_title=&#8221;\u010cakovec, 2019.&#8221; portrait_url=&#8221;https:\/\/petrana-sabolek.net\/wp-content\/uploads\/2021\/06\/mef.png&#8221; quote_icon_color=&#8221;RGBA(0,0,0,0)&#8221; quote_icon_background_color=&#8221;RGBA(0,0,0,0)&#8221; portrait_width=&#8221;120px&#8221; portrait_height=&#8221;120px&#8221; _builder_version=&#8221;4.9.4&#8243; _module_preset=&#8221;default&#8221; position_font=&#8221;||on||||||&#8221; background_color=&#8221;#efefef&#8221; height=&#8221;400px&#8221; animation_style=&#8221;fold&#8221;]<\/p>\n<p style=\"text-align: justify;\">&#8220;Senja \u017eivljenja&#8221;, nagrada za najbolji tekst MEF-a &#8220;Ljubomir Kuntari\u0107&#8221; \u010cakovec, 2019., dio je poetsko-glazbenog rukopisa u radu na kajkavskom jeziku.<\/p>\n<p>[\/et_pb_testimonial][\/et_pb_column][et_pb_column type=&#8221;1_3&#8243; _builder_version=&#8221;4.9.4&#8243; _module_preset=&#8221;default&#8221;][et_pb_testimonial author=&#8221;Me\u0111imurske novine&#8221; job_title=&#8221;21. studenog 2006.&#8221; portrait_url=&#8221;https:\/\/petrana-sabolek.net\/wp-content\/uploads\/2021\/06\/medimurskenovine-1.jpg&#8221; quote_icon_color=&#8221;RGBA(0,0,0,0)&#8221; quote_icon_background_color=&#8221;RGBA(0,0,0,0)&#8221; portrait_width=&#8221;120px&#8221; portrait_height=&#8221;120px&#8221; _builder_version=&#8221;4.9.4&#8243; _module_preset=&#8221;default&#8221; position_font=&#8221;||on||||||&#8221; background_color=&#8221;#efefef&#8221; height=&#8221;450px&#8221; animation_style=&#8221;fold&#8221;]<\/p>\n<p style=\"text-align: justify;\">&#8220;Spomenik kulturnom i jezi\u010dnom identitetu kajkav\u0161tine&#8221; &#8211; naslov je osvrta tjednika &#8220;Me\u0111imurske novine&#8221;, na promociju kajkavske lirike &#8220;Scvrto \u017eivljenje&#8221;<\/p>\n<p>[\/et_pb_testimonial][et_pb_testimonial author=&#8221;Ivo Horvat&#8221; job_title=&#8221;Vjesnik online, Tribina, lipnja 2009., i \u201cMe\u0111imurje\u201d, 2007.&#8221; quote_icon_color=&#8221;RGBA(0,0,0,0)&#8221; quote_icon_background_color=&#8221;RGBA(0,0,0,0)&#8221; portrait_width=&#8221;120px&#8221; portrait_height=&#8221;120px&#8221; _builder_version=&#8221;4.9.4&#8243; _module_preset=&#8221;default&#8221; body_line_height=&#8221;1.4em&#8221; position_font=&#8221;||on||||||&#8221; background_color=&#8221;#efefef&#8221; height=&#8221;400px&#8221; custom_padding=&#8221;||13px|||&#8221; animation_style=&#8221;fold&#8221;]<\/p>\n<p style=\"text-align: justify;\">(\u2026) &#8220;Kipeci boge\u010dki&#8221;, Petrane Sabolek &#8211; bio sam odu\u0161evljen. Iz njezine nove zbirke izvire svo ono bogatstvo zvukova, tonova i pojmova me\u0111imurskog govora koje jo\u0161 \u017eivi u starijim nara\u0161tajima me\u0111imurskih ljudi. Sje\u0107anja bude rije\u010di: zveri\u017eiv se, \u010du\u010dek, zdo\u0161ev, dotrgev, matulj\u010dek, magodi, na zmes, kredu, gene, samoloden, pokoturni, omedlev, napeljovav, i stotine drugih. Svojom knjigom Petrana taj osebujni me\u0111imurski leksik odr\u017eava u \u017eivotu za budu\u0107e nara\u0161taje. Hvala joj na tome. (\u2026)<\/p>\n<p>[\/et_pb_testimonial][\/et_pb_column][et_pb_column type=&#8221;1_3&#8243; _builder_version=&#8221;4.9.4&#8243; _module_preset=&#8221;default&#8221;][et_pb_testimonial author=&#8221;%22Senje i meteori%22&#8243; job_title=&#8221;Vara\u017edin, 2006.&#8221; portrait_url=&#8221;https:\/\/petrana-sabolek.net\/wp-content\/uploads\/2021\/06\/119998892_3314995455203718_4021002584492797323_n.jpg&#8221; quote_icon_color=&#8221;RGBA(0,0,0,0)&#8221; quote_icon_background_color=&#8221;RGBA(0,0,0,0)&#8221; portrait_width=&#8221;120px&#8221; portrait_height=&#8221;120px&#8221; _builder_version=&#8221;4.9.4&#8243; _module_preset=&#8221;default&#8221; position_font=&#8221;||on||||||&#8221; background_color=&#8221;#efefef&#8221; height=&#8221;450px&#8221; animation_style=&#8221;fold&#8221;]<\/p>\n<p style=\"text-align: justify;\">&#8220;Skrodnja vura&#8221;, prvonagra\u0111ena je pjesma na kajkavskom jeziku XIV. Recitala suvremenog pjesni\u0161tva &#8220;Senje i meteori&#8221; Vara\u017edin, 2006., dio je poetske zbirke na kajkavskom jeziku &#8220;Scvrto \u017eivljenje&#8221;.<\/p>\n<p>[\/et_pb_testimonial][et_pb_testimonial author=&#8221;Susret rije\u010di&#8221; job_title=&#8221;Bedekov\u010dina, 2016.&#8221; portrait_url=&#8221;https:\/\/petrana-sabolek.net\/wp-content\/uploads\/2021\/06\/Bedekovcina_grb.gif&#8221; quote_icon_color=&#8221;RGBA(0,0,0,0)&#8221; quote_icon_background_color=&#8221;RGBA(0,0,0,0)&#8221; portrait_width=&#8221;120px&#8221; portrait_height=&#8221;120px&#8221; _builder_version=&#8221;4.9.4&#8243; _module_preset=&#8221;default&#8221; position_font=&#8221;||on||||||&#8221; background_color=&#8221;#efefef&#8221; height=&#8221;400px&#8221; animation_style=&#8221;fold&#8221;]<\/p>\n<p style=\"text-align: justify;\">&#8220;Peticija&#8221;, prozni tekst na kajkavskom jeziku, Tre\u0107a nagrada &#8220;Susreta rije\u010di Bedekov\u010dina&#8221;, 2016., dio je rukopisa u radu na kajkavskom jeziku.<\/p>\n<p>[\/et_pb_testimonial][\/et_pb_column][\/et_pb_row][et_pb_row column_structure=&#8221;1_6,1_6,1_6,1_6,1_6,1_6&#8243; _builder_version=&#8221;4.9.4&#8243; _module_preset=&#8221;default&#8221;][et_pb_column type=&#8221;1_6&#8243; _builder_version=&#8221;4.9.4&#8243; _module_preset=&#8221;default&#8221;][\/et_pb_column][et_pb_column type=&#8221;1_6&#8243; _builder_version=&#8221;4.9.4&#8243; _module_preset=&#8221;default&#8221;][\/et_pb_column][et_pb_column type=&#8221;1_6&#8243; _builder_version=&#8221;4.9.4&#8243; _module_preset=&#8221;default&#8221;][et_pb_image src=&#8221;https:\/\/petrana-sabolek.net\/wp-content\/uploads\/2021\/09\/ikona-knjige.png&#8221; title_text=&#8221;ikona knjige&#8221; _builder_version=&#8221;4.9.4&#8243; _module_preset=&#8221;default&#8221;][\/et_pb_image][\/et_pb_column][et_pb_column type=&#8221;1_6&#8243; _builder_version=&#8221;4.9.4&#8243; _module_preset=&#8221;default&#8221;][et_pb_button button_url=&#8221;https:\/\/petrana-sabolek.net\/index.php\/knjizevni-osvrti\/&#8221; button_text=&#8221;PRO\u010cITAJ VI\u0160E&#8221; button_alignment=&#8221;center&#8221; _builder_version=&#8221;4.9.4&#8243; _module_preset=&#8221;default&#8221; custom_button=&#8221;on&#8221; button_text_size=&#8221;12px&#8221; button_text_color=&#8221;#000000&#8243; button_font=&#8221;|700|||||||&#8221; custom_margin=&#8221;63px||||false|false&#8221;][\/et_pb_button][\/et_pb_column][et_pb_column type=&#8221;1_6&#8243; _builder_version=&#8221;4.9.4&#8243; _module_preset=&#8221;default&#8221;][\/et_pb_column][et_pb_column type=&#8221;1_6&#8243; _builder_version=&#8221;4.9.4&#8243; _module_preset=&#8221;default&#8221;][\/et_pb_column][\/et_pb_row][\/et_pb_section]<\/p>\n","protected":false},"excerpt":{"rendered":"<p>Knji\u017eevni osvrtiKnji\u017eevni osvrti(\u2026) Da se knjiga pojavila \u0161ezdesetih godina pro\u0161loga stolje\u0107a, bila bi bestseler i mogla bi konkurirati &#8220;Junacima pavlove ulice&#8221;, &#8220;Lete\u0107em razredu&#8221;, &#8220;Vlaku u snijegu&#8221; i drugim tada vrlo popularnim romanima za omladinu. (\u2026)&#8221;Senja \u017eivljenja&#8221;, nagrada za najbolji tekst MEF-a &#8220;Ljubomir Kuntari\u0107&#8221; \u010cakovec, 2019., dio je poetsko-glazbenog rukopisa u radu na kajkavskom jeziku.&#8221;Spomenik kulturnom [&hellip;]<\/p>\n","protected":false},"author":1,"featured_media":0,"parent":0,"menu_order":0,"comment_status":"closed","ping_status":"closed","template":"","meta":{"_et_pb_use_builder":"on","_et_pb_old_content":"","_et_gb_content_width":"","footnotes":""},"class_list":["post-299","page","type-page","status-publish","hentry"],"_links":{"self":[{"href":"https:\/\/petrana-sabolek.net\/index.php\/wp-json\/wp\/v2\/pages\/299","targetHints":{"allow":["GET"]}}],"collection":[{"href":"https:\/\/petrana-sabolek.net\/index.php\/wp-json\/wp\/v2\/pages"}],"about":[{"href":"https:\/\/petrana-sabolek.net\/index.php\/wp-json\/wp\/v2\/types\/page"}],"author":[{"embeddable":true,"href":"https:\/\/petrana-sabolek.net\/index.php\/wp-json\/wp\/v2\/users\/1"}],"replies":[{"embeddable":true,"href":"https:\/\/petrana-sabolek.net\/index.php\/wp-json\/wp\/v2\/comments?post=299"}],"version-history":[{"count":14,"href":"https:\/\/petrana-sabolek.net\/index.php\/wp-json\/wp\/v2\/pages\/299\/revisions"}],"predecessor-version":[{"id":1671,"href":"https:\/\/petrana-sabolek.net\/index.php\/wp-json\/wp\/v2\/pages\/299\/revisions\/1671"}],"wp:attachment":[{"href":"https:\/\/petrana-sabolek.net\/index.php\/wp-json\/wp\/v2\/media?parent=299"}],"curies":[{"name":"wp","href":"https:\/\/api.w.org\/{rel}","templated":true}]}}

KNJIŽEVNI OSVRTI

<p>[et_pb_section fb_built=&#8221;1&#8243; admin_label=&#8221;Classes&#8221; _builder_version=&#8221;3.22.7&#8243; custom_padding=&#8221;8px||0px|||&#8221; da_disable_devices=&#8221;off|off|off&#8221; da_is_popup=&#8221;off&#8221; da_exit_intent=&#8221;off&#8221; da_has_close=&#8221;on&#8221; da_alt_close=&#8221;off&#8221; da_dark_close=&#8221;off&#8221; da_not_modal=&#8221;on&#8221; da_is_singular=&#8221;off&#8221; da_with_loader=&#8221;off&#8221; da_has_shadow=&#8221;on&#8221;][et_pb_row _builder_version=&#8221;4.9.4&#8243; background_size=&#8221;initial&#8221; background_position=&#8221;top_right&#8221; min_height=&#8221;36px&#8221; custom_margin=&#8221;|auto||auto|false|false&#8221; custom_padding=&#8221;||||false|false&#8221; border_color_all=&#8221;rgba(0,0,0,0.12)&#8221; locked=&#8221;off&#8221;][et_pb_column type=&#8221;4_4&#8243; _builder_version=&#8221;3.25&#8243; custom_padding=&#8221;|||&#8221; custom_padding__hover=&#8221;|||&#8221;][et_pb_text disabled_on=&#8221;on|on|off&#8221; _builder_version=&#8221;4.9.4&#8243; text_font=&#8221;|300|||||||&#8221; text_font_size=&#8221;63px&#8221; text_line_height=&#8221;1em&#8221; header_font=&#8221;||||||||&#8221; header_3_font=&#8221;Montserrat|600|||||||&#8221; header_3_font_size=&#8221;70px&#8221; header_3_line_height=&#8221;1.2em&#8221; background_color=&#8221;#ffffff&#8221; background_color_gradient_direction=&#8221;90deg&#8221; text_orientation=&#8221;center&#8221; max_width=&#8221;636px&#8221; module_alignment=&#8221;center&#8221; custom_margin=&#8221;|13px|20px|||&#8221; custom_margin_tablet=&#8221;&#8221; custom_margin_phone=&#8221;||-60px|&#8221; custom_margin_last_edited=&#8221;on|phone&#8221; header_3_font_size_tablet=&#8221;50px&#8221; header_3_font_size_phone=&#8221;30px&#8221; header_3_font_size_last_edited=&#8221;on|phone&#8221;]</p>
<p>Književni osvrti</p>
<p>[/et_pb_text][et_pb_text disabled_on=&#8221;off|off|on&#8221; _builder_version=&#8221;4.9.4&#8243; text_font=&#8221;|300|||||||&#8221; text_font_size=&#8221;35px&#8221; text_line_height=&#8221;1em&#8221; header_font=&#8221;||||||||&#8221; header_3_font=&#8221;Montserrat|600|||||||&#8221; header_3_font_size=&#8221;70px&#8221; header_3_line_height=&#8221;1.2em&#8221; background_color=&#8221;#ffffff&#8221; background_color_gradient_direction=&#8221;90deg&#8221; text_orientation=&#8221;center&#8221; max_width=&#8221;636px&#8221; module_alignment=&#8221;center&#8221; custom_margin=&#8221;|13px|20px|||&#8221; custom_margin_tablet=&#8221;&#8221; custom_margin_phone=&#8221;||-60px|&#8221; custom_margin_last_edited=&#8221;on|phone&#8221; custom_padding=&#8221;||46px|||&#8221; header_3_font_size_tablet=&#8221;50px&#8221; header_3_font_size_phone=&#8221;30px&#8221; header_3_font_size_last_edited=&#8221;on|phone&#8221;]</p>
<p>Književni osvrti</p>
<p>[/et_pb_text][/et_pb_column][/et_pb_row][/et_pb_section][et_pb_section fb_built=&#8221;1&#8243; admin_label=&#8221;Classes&#8221; _builder_version=&#8221;3.22.7&#8243; custom_padding=&#8221;0px|||||&#8221; da_disable_devices=&#8221;off|off|off&#8221; da_is_popup=&#8221;off&#8221; da_exit_intent=&#8221;off&#8221; da_has_close=&#8221;on&#8221; da_alt_close=&#8221;off&#8221; da_dark_close=&#8221;off&#8221; da_not_modal=&#8221;on&#8221; da_is_singular=&#8221;off&#8221; da_with_loader=&#8221;off&#8221; da_has_shadow=&#8221;on&#8221;][et_pb_row column_structure=&#8221;1_3,1_3,1_3&#8243; _builder_version=&#8221;4.9.4&#8243; _module_preset=&#8221;default&#8221;][et_pb_column type=&#8221;1_3&#8243; _builder_version=&#8221;4.9.4&#8243; _module_preset=&#8221;default&#8221;][et_pb_testimonial author=&#8221;mr. sc. Ivan Zvonar&#8221; job_title=&#8221;2015., u povodu izlaska iz tiska romana za mlade %22Tarzan pod smokvom%22.&#8221; portrait_url=&#8221;https://petrana-sabolek.net/wp-content/uploads/2021/06/kaj_11ivanzvonar.jpg&#8221; quote_icon_color=&#8221;RGBA(0,0,0,0)&#8221; quote_icon_background_color=&#8221;RGBA(0,0,0,0)&#8221; portrait_width=&#8221;120px&#8221; portrait_height=&#8221;120px&#8221; _builder_version=&#8221;4.9.4&#8243; _module_preset=&#8221;default&#8221; position_font=&#8221;||on||||||&#8221; background_color=&#8221;#efefef&#8221; height=&#8221;450px&#8221; animation_style=&#8221;fold&#8221;]</p>
<p style="text-align: justify;">(…) Da se knjiga pojavila šezdesetih godina prošloga stoljeća, bila bi bestseler i mogla bi konkurirati &#8220;Junacima pavlove ulice&#8221;, &#8220;Letećem razredu&#8221;, &#8220;Vlaku u snijegu&#8221; i drugim tada vrlo popularnim romanima za omladinu. (…)</p>
<p>[/et_pb_testimonial][et_pb_testimonial author=&#8221;MEF &#8211; Međimurski festival %22Ljubomir Kuntarić%22 Čakovec&#8221; job_title=&#8221;Čakovec, 2019.&#8221; portrait_url=&#8221;https://petrana-sabolek.net/wp-content/uploads/2021/06/mef.png&#8221; quote_icon_color=&#8221;RGBA(0,0,0,0)&#8221; quote_icon_background_color=&#8221;RGBA(0,0,0,0)&#8221; portrait_width=&#8221;120px&#8221; portrait_height=&#8221;120px&#8221; _builder_version=&#8221;4.9.4&#8243; _module_preset=&#8221;default&#8221; position_font=&#8221;||on||||||&#8221; background_color=&#8221;#efefef&#8221; height=&#8221;400px&#8221; animation_style=&#8221;fold&#8221;]</p>
<p style="text-align: justify;">&#8220;Senja življenja&#8221;, nagrada za najbolji tekst MEF-a &#8220;Ljubomir Kuntarić&#8221; Čakovec, 2019., dio je poetsko-glazbenog rukopisa u radu na kajkavskom jeziku.</p>
<p>[/et_pb_testimonial][/et_pb_column][et_pb_column type=&#8221;1_3&#8243; _builder_version=&#8221;4.9.4&#8243; _module_preset=&#8221;default&#8221;][et_pb_testimonial author=&#8221;Međimurske novine&#8221; job_title=&#8221;21. studenog 2006.&#8221; portrait_url=&#8221;https://petrana-sabolek.net/wp-content/uploads/2021/06/medimurskenovine-1.jpg&#8221; quote_icon_color=&#8221;RGBA(0,0,0,0)&#8221; quote_icon_background_color=&#8221;RGBA(0,0,0,0)&#8221; portrait_width=&#8221;120px&#8221; portrait_height=&#8221;120px&#8221; _builder_version=&#8221;4.9.4&#8243; _module_preset=&#8221;default&#8221; position_font=&#8221;||on||||||&#8221; background_color=&#8221;#efefef&#8221; height=&#8221;450px&#8221; animation_style=&#8221;fold&#8221;]</p>
<p style="text-align: justify;">&#8220;Spomenik kulturnom i jezičnom identitetu kajkavštine&#8221; &#8211; naslov je osvrta tjednika &#8220;Međimurske novine&#8221;, na promociju kajkavske lirike &#8220;Scvrto življenje&#8221;</p>
<p>[/et_pb_testimonial][et_pb_testimonial author=&#8221;Ivo Horvat&#8221; job_title=&#8221;Vjesnik online, Tribina, lipnja 2009., i “Međimurje”, 2007.&#8221; quote_icon_color=&#8221;RGBA(0,0,0,0)&#8221; quote_icon_background_color=&#8221;RGBA(0,0,0,0)&#8221; portrait_width=&#8221;120px&#8221; portrait_height=&#8221;120px&#8221; _builder_version=&#8221;4.9.4&#8243; _module_preset=&#8221;default&#8221; body_line_height=&#8221;1.4em&#8221; position_font=&#8221;||on||||||&#8221; background_color=&#8221;#efefef&#8221; height=&#8221;400px&#8221; custom_padding=&#8221;||13px|||&#8221; animation_style=&#8221;fold&#8221;]</p>
<p style="text-align: justify;">(…) &#8220;Kipeci bogečki&#8221;, Petrane Sabolek &#8211; bio sam oduševljen. Iz njezine nove zbirke izvire svo ono bogatstvo zvukova, tonova i pojmova međimurskog govora koje još živi u starijim naraštajima međimurskih ljudi. Sjećanja bude riječi: zveriživ se, čuček, zdošev, dotrgev, matuljček, magodi, na zmes, kredu, gene, samoloden, pokoturni, omedlev, napeljovav, i stotine drugih. Svojom knjigom Petrana taj osebujni međimurski leksik održava u životu za buduće naraštaje. Hvala joj na tome. (…)</p>
<p>[/et_pb_testimonial][/et_pb_column][et_pb_column type=&#8221;1_3&#8243; _builder_version=&#8221;4.9.4&#8243; _module_preset=&#8221;default&#8221;][et_pb_testimonial author=&#8221;%22Senje i meteori%22&#8243; job_title=&#8221;Varaždin, 2006.&#8221; portrait_url=&#8221;https://petrana-sabolek.net/wp-content/uploads/2021/06/119998892_3314995455203718_4021002584492797323_n.jpg&#8221; quote_icon_color=&#8221;RGBA(0,0,0,0)&#8221; quote_icon_background_color=&#8221;RGBA(0,0,0,0)&#8221; portrait_width=&#8221;120px&#8221; portrait_height=&#8221;120px&#8221; _builder_version=&#8221;4.9.4&#8243; _module_preset=&#8221;default&#8221; position_font=&#8221;||on||||||&#8221; background_color=&#8221;#efefef&#8221; height=&#8221;450px&#8221; animation_style=&#8221;fold&#8221;]</p>
<p style="text-align: justify;">&#8220;Skrodnja vura&#8221;, prvonagrađena je pjesma na kajkavskom jeziku XIV. Recitala suvremenog pjesništva &#8220;Senje i meteori&#8221; Varaždin, 2006., dio je poetske zbirke na kajkavskom jeziku &#8220;Scvrto življenje&#8221;.</p>
<p>[/et_pb_testimonial][et_pb_testimonial author=&#8221;Susret riječi&#8221; job_title=&#8221;Bedekovčina, 2016.&#8221; portrait_url=&#8221;https://petrana-sabolek.net/wp-content/uploads/2021/06/Bedekovcina_grb.gif&#8221; quote_icon_color=&#8221;RGBA(0,0,0,0)&#8221; quote_icon_background_color=&#8221;RGBA(0,0,0,0)&#8221; portrait_width=&#8221;120px&#8221; portrait_height=&#8221;120px&#8221; _builder_version=&#8221;4.9.4&#8243; _module_preset=&#8221;default&#8221; position_font=&#8221;||on||||||&#8221; background_color=&#8221;#efefef&#8221; height=&#8221;400px&#8221; animation_style=&#8221;fold&#8221;]</p>
<p style="text-align: justify;">&#8220;Peticija&#8221;, prozni tekst na kajkavskom jeziku, Treća nagrada &#8220;Susreta riječi Bedekovčina&#8221;, 2016., dio je rukopisa u radu na kajkavskom jeziku.</p>
<p>[/et_pb_testimonial][/et_pb_column][/et_pb_row][et_pb_row column_structure=&#8221;1_6,1_6,1_6,1_6,1_6,1_6&#8243; _builder_version=&#8221;4.9.4&#8243; _module_preset=&#8221;default&#8221;][et_pb_column type=&#8221;1_6&#8243; _builder_version=&#8221;4.9.4&#8243; _module_preset=&#8221;default&#8221;][/et_pb_column][et_pb_column type=&#8221;1_6&#8243; _builder_version=&#8221;4.9.4&#8243; _module_preset=&#8221;default&#8221;][/et_pb_column][et_pb_column type=&#8221;1_6&#8243; _builder_version=&#8221;4.9.4&#8243; _module_preset=&#8221;default&#8221;][et_pb_image src=&#8221;https://petrana-sabolek.net/wp-content/uploads/2021/09/ikona-knjige.png&#8221; title_text=&#8221;ikona knjige&#8221; _builder_version=&#8221;4.9.4&#8243; _module_preset=&#8221;default&#8221;][/et_pb_image][/et_pb_column][et_pb_column type=&#8221;1_6&#8243; _builder_version=&#8221;4.9.4&#8243; _module_preset=&#8221;default&#8221;][et_pb_button button_url=&#8221;https://petrana-sabolek.net/index.php/knjizevni-osvrti/&#8221; button_text=&#8221;PROČITAJ VIŠE&#8221; button_alignment=&#8221;center&#8221; _builder_version=&#8221;4.9.4&#8243; _module_preset=&#8221;default&#8221; custom_button=&#8221;on&#8221; button_text_size=&#8221;12px&#8221; button_text_color=&#8221;#000000&#8243; button_font=&#8221;|700|||||||&#8221; custom_margin=&#8221;63px||||false|false&#8221;][/et_pb_button][/et_pb_column][et_pb_column type=&#8221;1_6&#8243; _builder_version=&#8221;4.9.4&#8243; _module_preset=&#8221;default&#8221;][/et_pb_column][et_pb_column type=&#8221;1_6&#8243; _builder_version=&#8221;4.9.4&#8243; _module_preset=&#8221;default&#8221;][/et_pb_column][/et_pb_row][/et_pb_section]</p>

<p>Književni osvrtiKnjiževni osvrti(…) Da se knjiga pojavila šezdesetih godina prošloga stoljeća, bila bi bestseler i mogla bi konkurirati &#8220;Junacima pavlove ulice&#8221;, &#8220;Letećem razredu&#8221;, &#8220;Vlaku u snijegu&#8221; i drugim tada vrlo popularnim romanima za omladinu. (…)&#8221;Senja življenja&#8221;, nagrada za najbolji tekst MEF-a &#8220;Ljubomir Kuntarić&#8221; Čakovec, 2019., dio je poetsko-glazbenog rukopisa u radu na kajkavskom jeziku.&#8221;Spomenik kulturnom [&hellip;]</p>
