{"id":4068,"date":"2024-08-22T08:04:33","date_gmt":"2024-08-22T08:04:33","guid":{"rendered":"https:\/\/petrana-sabolek.net\/?page_id=4068"},"modified":"2024-09-12T07:40:36","modified_gmt":"2024-09-12T07:40:36","slug":"niti-spone-relacije-3","status":"publish","type":"page","link":"https:\/\/petrana-sabolek.net\/index.php\/niti-spone-relacije-3\/","title":{"rendered":"Niti, spone, relacije"},"content":{"rendered":"<p>[et_pb_section fb_built=&#8221;1&#8243; _builder_version=&#8221;4.16&#8243; _module_preset=&#8221;default&#8221; custom_padding=&#8221;||0px|||&#8221; da_disable_devices=&#8221;off|off|off&#8221; global_colors_info=&#8221;{}&#8221; da_is_popup=&#8221;off&#8221; da_exit_intent=&#8221;off&#8221; da_has_close=&#8221;on&#8221; da_alt_close=&#8221;off&#8221; da_dark_close=&#8221;off&#8221; da_not_modal=&#8221;on&#8221; da_is_singular=&#8221;off&#8221; da_with_loader=&#8221;off&#8221; da_has_shadow=&#8221;on&#8221;][et_pb_row column_structure=&#8221;2_5,3_5&#8243; _builder_version=&#8221;4.22.2&#8243; _module_preset=&#8221;default&#8221; global_colors_info=&#8221;{}&#8221;][et_pb_column type=&#8221;2_5&#8243; _builder_version=&#8221;4.22.2&#8243; _module_preset=&#8221;default&#8221; global_colors_info=&#8221;{}&#8221;][et_pb_image src=&#8221;https:\/\/petrana-sabolek.net\/wp-content\/uploads\/2024\/08\/niti-spone-relacije.jpg&#8221; title_text=&#8221;ikona knjige&#8221; url=&#8221;https:\/\/petrana-sabolek.net\/wp-content\/uploads\/2024\/09\/NITI-SPONE-RELACIJE_web.pdf&#8221; use_overlay=&#8221;on&#8221; overlay_icon_color=&#8221;#E02B20&#8243; hover_overlay_color=&#8221;#FFFFFF&#8221; hover_icon=&#8221;&#xf5da;||fa||900&#8243; _builder_version=&#8221;4.22.2&#8243; _module_preset=&#8221;default&#8221; background_enable_image=&#8221;off&#8221; parallax=&#8221;on&#8221; hover_enabled=&#8221;0&#8243; global_colors_info=&#8221;{}&#8221; sticky_enabled=&#8221;0&#8243;][\/et_pb_image][\/et_pb_column][et_pb_column type=&#8221;3_5&#8243; _builder_version=&#8221;4.22.2&#8243; _module_preset=&#8221;default&#8221; global_colors_info=&#8221;{}&#8221;][et_pb_text _builder_version=&#8221;4.22.2&#8243; _module_preset=&#8221;default&#8221; text_font=&#8221;Times New Roman||||||||&#8221; global_colors_info=&#8221;{}&#8221;]<\/p>\n<p style=\"text-align: justify;\">\u201eNiti, spone, relacije\u201c moja je tre\u0107a poetska zbirka na standardu za odrasle. Tematski je bliska poetskom dvoknji\u017eju iz 2019. godine (\u201ePoetski fle\u0161bek\u201c i \u201ePjesme iz Apsurdistana\u201c) i u neku ruku je nastavak iste poetske pri\u010de vezane za \u010dovjeka dana\u0161njice, kolokvijalno nazvanog ljubimcem 21. stolje\u0107a. U prvom bloku, Niti, fokus je na vlastitom poimanju sebe kao jedinku, \u010dovjeka premre\u017eenog nitima karaktera te dinami\u010dnim i kompleksnim vremenom, obilje\u017eenim brzim tehnolo\u0161kim napretkom, globalizacijom i promjenama u dru\u0161tvenim normama kao i na\u010dinu \u017eivota, sve vi\u0161e sjedala\u010dkom uz stalnu povezanost i pristup informacijama, digitalnoj ovisnosti i sl. Drugi blok, Spone, fokus prebacuje na njegov odnos prema drugima, iz obiteljskog okru\u017eenja kao i na ljubavnom, prijateljskom i poslovnom planu, dok se tre\u0107i blok, Relacije, bavi \u017eivotnim okru\u017eenjem. Naglaskom na holisti\u010dkom pristupu zdravlju, tjelesnom, mentalnom i emocionalnom blagostanju sa specifi\u010dnim potrebama preferencijama uz sve ve\u0107u svijest o klimatskim promjenama i odr\u017eivosti koja tra\u017ei ekolo\u0161ki prihvatljiviji na\u010din \u017eivota. U pitanju su opstanak, dakle budu\u0107nost&#8230; \u0160ezdeset (60) pjesama na navedenu temu pisano je u rimi i slobodnim stihom kao i u prozi.<\/p>\n<p>[\/et_pb_text][et_pb_toggle title=&#8221;Bibliote\u010dni zapisi&#8221; open_toggle_text_color=&#8221;#032263&#8243; open_toggle_background_color=&#8221;#FFFFFF&#8221; closed_toggle_background_color=&#8221;#FFFFFF&#8221; icon_color=&#8221;#032263&#8243; toggle_icon=&#8221;&#xf233;||fa||900&#8243; open_icon_color=&#8221;#032263&#8243; open_toggle_icon=&#8221;&#xf233;||fa||900&#8243; _builder_version=&#8221;4.22.2&#8243; _module_preset=&#8221;default&#8221; title_text_color=&#8221;#032263&#8243; title_font=&#8221;|600|||||||&#8221; body_font_size=&#8221;1px&#8221; background_color=&#8221;#032263&#8243; global_colors_info=&#8221;{}&#8221;]<\/p>\n<table width=\"605\" cellpadding=\"7\" cellspacing=\"0\">\n<tbody>\n<tr>\n<td colspan=\"2\" width=\"591\" height=\"34\" valign=\"top\">\n<p align=\"center\"><span style=\"font-family: Calibri, serif;\"><span style=\"font-size: small;\"><span style=\"font-family: Century Gothic, serif;\"><span style=\"font-size: x-large;\">BIBLIOTE\u010cNI PODACI KNJIGE<\/span><\/span><\/span><\/span><\/p>\n<p align=\"center\">\u201e<span style=\"font-family: Calibri, serif;\"><span style=\"font-size: small;\"><span style=\"font-family: Century Gothic, serif;\"><span style=\"font-size: x-large;\">NITI, SPONE, RELACIJE\u201c<\/span><\/span><\/span><\/span><\/p>\n<p align=\"center\">\n<p align=\"left\"><a name=\"_GoBack\"><\/a> <\/p>\n<\/td>\n<\/tr>\n<tr valign=\"top\">\n<td width=\"206\">\n<p align=\"left\"><span style=\"font-family: Calibri, serif;\"><span style=\"font-size: small;\"><span style=\"font-family: Century Gothic, serif;\"><span style=\"font-size: large;\">Autor<\/span><\/span><\/span><\/span><\/p>\n<\/td>\n<td width=\"371\">\n<p align=\"left\"><span style=\"font-family: Calibri, serif;\"><span style=\"font-size: small;\"><span style=\"font-family: Century Gothic, serif;\"><span style=\"font-size: large;\">Petrana Sabolek<\/span><\/span><\/span><\/span><\/p>\n<p align=\"left\">\n<\/td>\n<\/tr>\n<tr valign=\"top\">\n<td width=\"206\">\n<p align=\"left\"><span style=\"font-family: Calibri, serif;\"><span style=\"font-size: small;\"><span style=\"font-family: Century Gothic, serif;\"><span style=\"font-size: large;\">Kategorija<\/span><\/span><\/span><\/span><\/p>\n<\/td>\n<td width=\"371\">\n<p align=\"left\"><span style=\"font-family: Calibri, serif;\"><span style=\"font-size: small;\"><span style=\"font-family: Century Gothic, serif;\"><span style=\"font-size: large;\">Poezija<\/span><\/span><\/span><\/span><\/p>\n<p align=\"left\">\n<\/td>\n<\/tr>\n<tr valign=\"top\">\n<td width=\"206\">\n<p align=\"left\"><span style=\"font-family: Calibri, serif;\"><span style=\"font-size: small;\"><span style=\"font-family: Century Gothic, serif;\"><span style=\"font-size: large;\">Broj stranica<\/span><\/span><\/span><\/span><\/p>\n<\/td>\n<td width=\"371\">\n<p align=\"left\"><span style=\"font-family: Calibri, serif;\"><span style=\"font-size: small;\"><span style=\"font-family: Century Gothic, serif;\"><span style=\"font-size: large;\">84<\/span><\/span><\/span><\/span><\/p>\n<p align=\"left\">\n<\/td>\n<\/tr>\n<tr valign=\"top\">\n<td width=\"206\">\n<p align=\"left\"><span style=\"font-family: Calibri, serif;\"><span style=\"font-size: small;\"><span style=\"font-family: Century Gothic, serif;\"><span style=\"font-size: large;\">Godina izdanja<\/span><\/span><\/span><\/span><\/p>\n<\/td>\n<td width=\"371\">\n<p align=\"left\"><span style=\"font-family: Calibri, serif;\"><span style=\"font-size: small;\"><span style=\"font-family: Century Gothic, serif;\"><span style=\"font-size: large;\">2024.<\/span><\/span><\/span><\/span><\/p>\n<p align=\"left\">\n<\/td>\n<\/tr>\n<tr valign=\"top\">\n<td width=\"206\">\n<p align=\"left\"><span style=\"font-family: Calibri, serif;\"><span style=\"font-size: small;\"><span style=\"font-family: Century Gothic, serif;\"><span style=\"font-size: large;\">Izdava\u010d<\/span><\/span><\/span><\/span><\/p>\n<p align=\"left\">\n<p align=\"left\"><span style=\"font-family: Calibri, serif;\"><span style=\"font-size: small;\"><span style=\"font-family: Century Gothic, serif;\"><span style=\"font-size: large;\">Za izdava\u010da <\/span><\/span><\/span><\/span><\/p>\n<\/td>\n<td width=\"371\">\n<p align=\"left\"><span style=\"font-family: Calibri, serif;\"><span style=\"font-size: small;\"><span style=\"font-family: Century Gothic, serif;\"><span style=\"font-size: large;\">Nova poetika Beograd<\/span><\/span><\/span><\/span><\/p>\n<p align=\"left\">\n<p align=\"left\"><span style=\"font-family: Calibri, serif;\"><span style=\"font-size: small;\"><span style=\"font-family: Century Gothic, serif;\"><span style=\"font-size: large;\">Dragana Be\u010dejski Cvetkovi\u0107<\/span><\/span><\/span><\/span><\/p>\n<\/td>\n<\/tr>\n<tr valign=\"top\">\n<td width=\"206\">\n<p align=\"left\">\n<p align=\"left\"><span style=\"font-family: Calibri, serif;\"><span style=\"font-size: small;\"><span style=\"font-family: Century Gothic, serif;\"><span style=\"font-size: large;\">Glavni i odgovorni urednik <\/span><\/span><\/span><\/span><\/p>\n<p align=\"left\">\n<p align=\"left\"><span style=\"font-family: Calibri, serif;\"><span style=\"font-size: small;\"><span style=\"font-family: Century Gothic, serif;\"><span style=\"font-size: large;\">Tehni\u010dki urednik<\/span><\/span><\/span><\/span><\/p>\n<p align=\"left\">\n<p align=\"left\"><span style=\"font-family: Calibri, serif;\"><span style=\"font-size: small;\"><span style=\"font-family: Century Gothic, serif;\"><span style=\"font-size: large;\">Dizajn korica<\/span><\/span><\/span><\/span><\/p>\n<p align=\"left\">\n<p align=\"left\"><span style=\"font-family: Calibri, serif;\"><span style=\"font-size: small;\"><span style=\"font-family: Century Gothic, serif;\"><span style=\"font-size: large;\">Uvez<\/span><\/span><\/span><\/span><\/p>\n<\/td>\n<td width=\"371\">\n<p align=\"left\">\n<p align=\"left\"><span style=\"font-family: Calibri, serif;\"><span style=\"font-size: small;\"><span style=\"font-family: Century Gothic, serif;\"><span style=\"font-size: large;\">Milomir Bata Cvetkovi\u0107<\/span><\/span><\/span><\/span><\/p>\n<p align=\"left\">\n<p align=\"left\">\n<p align=\"left\"><span style=\"font-family: Calibri, serif;\"><span style=\"font-size: small;\"><span style=\"font-family: Century Gothic, serif;\"><span style=\"font-size: large;\">Vladica Milenkovi\u0107<\/span><\/span><\/span><\/span><\/p>\n<p align=\"left\">\n<p align=\"left\"><span style=\"font-family: Calibri, serif;\"><span style=\"font-size: small;\"><span style=\"font-family: Century Gothic, serif;\"><span style=\"font-size: large;\">Milomir Bata Cvetkovi\u0107<\/span><\/span><\/span><\/span><\/p>\n<p align=\"left\">\n<p align=\"left\"><span style=\"font-family: Calibri, serif;\"><span style=\"font-size: small;\"><span style=\"font-family: Century Gothic, serif;\"><span style=\"font-size: large;\">Meko, \u0161ivano<\/span><\/span><\/span><\/span><\/p>\n<p align=\"left\">\n<\/td>\n<\/tr>\n<tr valign=\"top\">\n<td width=\"206\">\n<p align=\"left\">\n<\/td>\n<td width=\"371\">\n<p align=\"left\">\n<\/td>\n<\/tr>\n<tr valign=\"top\">\n<td width=\"206\">\n<p align=\"left\"><span style=\"font-family: Calibri, serif;\"><span style=\"font-size: small;\"><span style=\"font-family: Century Gothic, serif;\"><span style=\"font-size: large;\">Format<\/span><\/span><\/span><\/span><\/p>\n<p align=\"left\">\n<p align=\"left\"><span style=\"font-family: Calibri, serif;\"><span style=\"font-size: small;\"><span style=\"font-family: Century Gothic, serif;\"><span style=\"font-size: large;\">Naklada<\/span><\/span><\/span><\/span><\/p>\n<\/td>\n<td width=\"371\">\n<p align=\"left\"><span style=\"font-family: Calibri, serif;\"><span style=\"font-size: small;\"><span style=\"font-family: Century Gothic, serif;\"><span style=\"font-size: large;\">14,4 x 20,4<\/span><\/span><\/span><\/span><\/p>\n<p align=\"left\">\n<p align=\"left\"><span style=\"font-family: Calibri, serif;\"><span style=\"font-size: small;\"><span style=\"font-family: Century Gothic, serif;\"><span style=\"font-size: large;\">200 primjeraka<\/span><\/span><\/span><\/span><\/p>\n<p align=\"left\">\n<\/td>\n<\/tr>\n<tr valign=\"top\">\n<td width=\"206\">\n<p align=\"left\"><span style=\"font-family: Calibri, serif;\"><span style=\"font-size: small;\"><span style=\"font-family: Century Gothic, serif;\"><span style=\"font-size: large;\">\u0160tampa<\/span><\/span><\/span><\/span><\/p>\n<p align=\"left\">\n<p align=\"left\"><span style=\"font-family: Calibri, serif;\"><span style=\"font-size: small;\"><span style=\"font-family: Century Gothic, serif;\"><span style=\"font-size: large;\">ISBN <\/span><\/span><\/span><\/span><\/p>\n<\/td>\n<td width=\"371\">\n<p align=\"left\"><span style=\"font-family: Calibri, serif;\"><span style=\"font-size: small;\"><span style=\"font-family: Century Gothic, serif;\"><span style=\"font-size: large;\">Skripta Internacional Beograd<\/span><\/span><\/span><\/span><\/p>\n<p align=\"left\">\n<p align=\"left\"><span style=\"font-family: Calibri, serif;\"><span style=\"font-size: small;\"><span style=\"font-family: Century Gothic, serif;\"><span style=\"font-size: large;\">CIP \u2013 Katalogizacija u publikaciji Narodna biblioteke Srbije, BeogradI <\/span><\/span><\/span><\/span><\/p>\n<p align=\"left\"><span style=\"font-family: Calibri, serif;\"><span style=\"font-size: small;\"><span style=\"font-family: Century Gothic, serif;\"><span style=\"font-size: large;\">978-86-6317-636-2 <\/span><\/span><\/span><\/span><\/p>\n<p align=\"left\"><span style=\"font-family: Calibri, serif;\"><span style=\"font-size: small;\"><span style=\"font-family: Century Gothic, serif;\"><span style=\"font-size: large;\">CIOBISS.SR-ID 145920265<\/span><\/span><\/span><\/span><\/p>\n<p align=\"left\"><span style=\"font-family: Calibri, serif;\"><span style=\"font-size: small;\"><span style=\"font-family: Century Gothic, serif;\"><span style=\"font-size: large;\">821.163.42-1<\/span><\/span><\/span><\/span><\/p>\n<p align=\"left\">\n<\/td>\n<\/tr>\n<\/tbody>\n<\/table>\n<p>[\/et_pb_toggle][\/et_pb_column][\/et_pb_row][\/et_pb_section]<\/p>\n","protected":false},"excerpt":{"rendered":"<p>\u201eNiti, spone, relacije\u201c moja je tre\u0107a poetska zbirka na standardu za odrasle. Tematski je bliska poetskom dvoknji\u017eju iz 2019. godine (\u201ePoetski fle\u0161bek\u201c i \u201ePjesme iz Apsurdistana\u201c) i u neku ruku je nastavak iste poetske pri\u010de vezane za \u010dovjeka dana\u0161njice, kolokvijalno nazvanog ljubimcem 21. stolje\u0107a. U prvom bloku, Niti, fokus je na vlastitom poimanju sebe kao [&hellip;]<\/p>\n","protected":false},"author":1,"featured_media":0,"parent":0,"menu_order":0,"comment_status":"closed","ping_status":"closed","template":"","meta":{"_et_pb_use_builder":"on","_et_pb_old_content":"","_et_gb_content_width":"","footnotes":""},"class_list":["post-4068","page","type-page","status-publish","hentry"],"_links":{"self":[{"href":"https:\/\/petrana-sabolek.net\/index.php\/wp-json\/wp\/v2\/pages\/4068","targetHints":{"allow":["GET"]}}],"collection":[{"href":"https:\/\/petrana-sabolek.net\/index.php\/wp-json\/wp\/v2\/pages"}],"about":[{"href":"https:\/\/petrana-sabolek.net\/index.php\/wp-json\/wp\/v2\/types\/page"}],"author":[{"embeddable":true,"href":"https:\/\/petrana-sabolek.net\/index.php\/wp-json\/wp\/v2\/users\/1"}],"replies":[{"embeddable":true,"href":"https:\/\/petrana-sabolek.net\/index.php\/wp-json\/wp\/v2\/comments?post=4068"}],"version-history":[{"count":5,"href":"https:\/\/petrana-sabolek.net\/index.php\/wp-json\/wp\/v2\/pages\/4068\/revisions"}],"predecessor-version":[{"id":4301,"href":"https:\/\/petrana-sabolek.net\/index.php\/wp-json\/wp\/v2\/pages\/4068\/revisions\/4301"}],"wp:attachment":[{"href":"https:\/\/petrana-sabolek.net\/index.php\/wp-json\/wp\/v2\/media?parent=4068"}],"curies":[{"name":"wp","href":"https:\/\/api.w.org\/{rel}","templated":true}]}}