{"id":4097,"date":"2024-08-22T09:03:47","date_gmt":"2024-08-22T09:03:47","guid":{"rendered":"https:\/\/petrana-sabolek.net\/?page_id=4097"},"modified":"2025-10-31T10:15:32","modified_gmt":"2025-10-31T10:15:32","slug":"pamet-na-reset-2","status":"publish","type":"page","link":"https:\/\/petrana-sabolek.net\/index.php\/pamet-na-reset-2\/","title":{"rendered":"Pamet na reset"},"content":{"rendered":"<p>[et_pb_section fb_built=&#8221;1&#8243; admin_label=&#8221;Hero&#8221; _builder_version=&#8221;4.16&#8243; background_color=&#8221;#FFFFFF&#8221; background_image=&#8221;https:\/\/petrana-sabolek.net\/wp-content\/uploads\/2021\/05\/coding-background-texture.jpg&#8221; background_blend=&#8221;overlay&#8221; custom_padding=&#8221;55px|0px|100px|0px||&#8221; animation_style=&#8221;slide&#8221; animation_direction=&#8221;top&#8221; animation_intensity_slide=&#8221;2%&#8221; locked=&#8221;off&#8221; global_colors_info=&#8221;{}&#8221;][et_pb_row column_structure=&#8221;1_4,3_4&#8243; _builder_version=&#8221;4.16&#8243; _module_preset=&#8221;default&#8221; global_colors_info=&#8221;{}&#8221;][et_pb_column type=&#8221;1_4&#8243; _builder_version=&#8221;4.16&#8243; _module_preset=&#8221;default&#8221; global_colors_info=&#8221;{}&#8221;][et_pb_image src=&#8221;https:\/\/petrana-sabolek.net\/wp-content\/uploads\/2024\/08\/pamet-na-reset_krug.png&#8221; title_text=&#8221;tko se boji prica jos&#8221; _builder_version=&#8221;4.22.2&#8243; _module_preset=&#8221;default&#8221; global_colors_info=&#8221;{}&#8221;][\/et_pb_image][\/et_pb_column][et_pb_column type=&#8221;3_4&#8243; _builder_version=&#8221;4.16&#8243; _module_preset=&#8221;default&#8221; global_colors_info=&#8221;{}&#8221;][et_pb_text _builder_version=&#8221;4.22.2&#8243; _module_preset=&#8221;default&#8221; header_font_size=&#8221;45px&#8221; hover_enabled=&#8221;0&#8243; global_colors_info=&#8221;{}&#8221; sticky_enabled=&#8221;0&#8243;]<\/p>\n<h1>&#8220;ZA\u0160TO BOGOVI \u0160UTE&#8221;<\/h1>\n<h3>poezija u prozi<\/h3>\n<p>[\/et_pb_text][et_pb_text _builder_version=&#8221;4.22.2&#8243; _module_preset=&#8221;default&#8221; custom_padding=&#8221;5px|||||&#8221; hover_enabled=&#8221;0&#8243; global_colors_info=&#8221;{}&#8221; sticky_enabled=&#8221;0&#8243;]<\/p>\n<h3 style=\"text-align: justify;\">Sinopsis<\/h3>\n<p>&nbsp;<\/p>\n<div style=\"text-align: justify;\">Tema i ove zbirke je vrijeme, no ova zbirka propituje \u010dovje\u010dju du\u0161u kroz prizmu nadanja ili o\u010dekivanja. \u0160ezdeset pjesama zbirke raspore\u0111eno je u dvije tematske cjeline: <em>Du\u0161a na dlanu<\/em> i <em>Za\u0161to bogovi \u0161ute<\/em><span style=\"color: #666666;\"><span style=\"font-family: Arial, serif;\"><span style=\"font-size: small;\"> <\/span><\/span><\/span><\/div>\n<p>[\/et_pb_text][\/et_pb_column][\/et_pb_row][et_pb_row column_structure=&#8221;1_4,3_4&#8243; _builder_version=&#8221;4.16&#8243; _module_preset=&#8221;default&#8221; custom_padding=&#8221;9px|||||&#8221; global_colors_info=&#8221;{}&#8221;][et_pb_column type=&#8221;1_4&#8243; _builder_version=&#8221;4.16&#8243; _module_preset=&#8221;default&#8221; global_colors_info=&#8221;{}&#8221;][\/et_pb_column][et_pb_column type=&#8221;3_4&#8243; _builder_version=&#8221;4.16&#8243; _module_preset=&#8221;default&#8221; global_colors_info=&#8221;{}&#8221;][et_pb_text _builder_version=&#8221;4.22.2&#8243; _module_preset=&#8221;default&#8221; custom_padding=&#8221;5px|||||&#8221; global_colors_info=&#8221;{}&#8221;]<\/p>\n<h3 style=\"text-align: justify;\">Ogledni arak<\/h3>\n<div>\n<p style=\"text-align: justify;\">\n<\/div>\n<p>[\/et_pb_text][\/et_pb_column][\/et_pb_row][et_pb_row column_structure=&#8221;1_4,3_4&#8243; _builder_version=&#8221;4.16&#8243; _module_preset=&#8221;default&#8221; custom_padding=&#8221;9px|||||&#8221; locked=&#8221;off&#8221; global_colors_info=&#8221;{}&#8221;][et_pb_column type=&#8221;1_4&#8243; _builder_version=&#8221;4.16&#8243; _module_preset=&#8221;default&#8221; global_colors_info=&#8221;{}&#8221;][\/et_pb_column][et_pb_column type=&#8221;3_4&#8243; _builder_version=&#8221;4.16&#8243; _module_preset=&#8221;default&#8221; global_colors_info=&#8221;{}&#8221;][et_pb_text _builder_version=&#8221;4.22.2&#8243; _module_preset=&#8221;default&#8221; custom_padding=&#8221;0px|||||&#8221; hover_enabled=&#8221;0&#8243; global_colors_info=&#8221;{}&#8221; sticky_enabled=&#8221;0&#8243;]<\/p>\n<h3 align=\"justify\"><span style=\"font-family: Arial, serif;\"><span style=\"font-size: large;\">ONOZENALJSI ELIKSIR<\/span><\/span><\/h3>\n<p align=\"justify\">Izvuklo proljetno sunce i mene iz moje nastambe poput gu\u0161tera ispod kamena pa i sama zasjednem na jednu od mnogih, od jutra prepunih osun\u010danih gradskih terasa. Sjedim, pijuckam kavu i promatram uli\u010dnu \u017eivost. Mimohode uokolo \u0161arene odje\u0107e najmla\u0111ih s igra\u010dkom u ruci, starijih s mobitelom i\/ili povodcima s ku\u0107nim ljubimcem, horde glasnih, na momente preglasnih, ipak nedovoljno da nadja\u010daju glas unutarnjeg potonu\u0107a \u2013 osje\u0107aj sebe poput prazne lju\u0161ture. Prekriva ga tek la\u017eno-sretni osmijeh \u0161to ga nepogrje\u0161ivo uo\u010davam na svakom licu jednakoga potonu\u0107a stoga i misao nastavlja kljucanjem: <em>Bo\u017ee, koliko nas je jo\u0161 na svijetu takvih, samih za svojim stolom, u dru\u0161tvu samo sa svojom kavom ili \u010dajem i osobno intoniranim la\u017enim osmijehom \u2013 izdajicom neizbje\u017enog da smo i sami sve bli\u017ee onima, jednako nebrojenima, \u0161to mo\u017eda ba\u0161 sada, poput mene, na svojim nebeskim terasama, ispijaju svoj onozemaljski eliksir.<\/em><\/p>\n<p align=\"justify\"><em><\/em><\/p>\n<p align=\"justify\"><span style=\"font-family: Arial, serif;\"><span style=\"font-size: large;\">TEK JEDNA SVJETOVNA<br \/><\/span><\/span><span style=\"color: #666666;\"> <span style=\"font-family: Arial, serif;\"><span style=\"font-size: small;\">(Blok:<\/span><\/span><\/span><span style=\"color: #666666;\"><span style=\"font-family: Arial, serif;\"><span style=\"font-size: small;\"><i> <\/i><\/span><\/span><\/span><span style=\"color: #666666;\"><span style=\"font-family: Arial, serif;\"><span style=\"font-size: small;\">Za\u0161to bogovi \u0161ute)<\/span><\/span><\/span><\/p>\n<p align=\"justify\">Bodre rije\u010di evan\u0111elja: \u2026 <em>u Oca moga ima mnogo stanova da nema zar bih vam rekao: idem pripraviti vam mjesto?!<\/em> No, ustalile se te rije\u010di u posljednje vrijeme da ih se i pre\u010desto \u010duje, zato, ne zamjeri, Bo\u017ee, \u0161to sam samo \u010dovjek, pa umjesto zahvale za mjesto u stanu Oca<\/p>\n<p>[\/et_pb_text][\/et_pb_column][\/et_pb_row][et_pb_row column_structure=&#8221;1_4,3_4&#8243; _builder_version=&#8221;4.16&#8243; _module_preset=&#8221;default&#8221; custom_padding=&#8221;9px|||||&#8221; locked=&#8221;off&#8221; global_colors_info=&#8221;{}&#8221;][et_pb_column type=&#8221;1_4&#8243; _builder_version=&#8221;4.16&#8243; _module_preset=&#8221;default&#8221; global_colors_info=&#8221;{}&#8221;][\/et_pb_column][et_pb_column type=&#8221;3_4&#8243; _builder_version=&#8221;4.16&#8243; _module_preset=&#8221;default&#8221; global_colors_info=&#8221;{}&#8221;][\/et_pb_column][\/et_pb_row][\/et_pb_section]<\/p>\n","protected":false},"excerpt":{"rendered":"<p>&#8220;ZA\u0160TO BOGOVI \u0160UTE&#8221; poezija u proziSinopsis &nbsp; Tema i ove zbirke je vrijeme, no ova zbirka propituje \u010dovje\u010dju du\u0161u kroz prizmu nadanja ili o\u010dekivanja. \u0160ezdeset pjesama zbirke raspore\u0111eno je u dvije tematske cjeline: Du\u0161a na dlanu i Za\u0161to bogovi \u0161ute Ogledni arak ONOZENALJSI ELIKSIR Izvuklo proljetno sunce i mene iz moje nastambe poput gu\u0161tera ispod [&hellip;]<\/p>\n","protected":false},"author":1,"featured_media":0,"parent":0,"menu_order":0,"comment_status":"closed","ping_status":"closed","template":"","meta":{"_et_pb_use_builder":"on","_et_pb_old_content":"","_et_gb_content_width":"","footnotes":""},"class_list":["post-4097","page","type-page","status-publish","hentry"],"_links":{"self":[{"href":"https:\/\/petrana-sabolek.net\/index.php\/wp-json\/wp\/v2\/pages\/4097","targetHints":{"allow":["GET"]}}],"collection":[{"href":"https:\/\/petrana-sabolek.net\/index.php\/wp-json\/wp\/v2\/pages"}],"about":[{"href":"https:\/\/petrana-sabolek.net\/index.php\/wp-json\/wp\/v2\/types\/page"}],"author":[{"embeddable":true,"href":"https:\/\/petrana-sabolek.net\/index.php\/wp-json\/wp\/v2\/users\/1"}],"replies":[{"embeddable":true,"href":"https:\/\/petrana-sabolek.net\/index.php\/wp-json\/wp\/v2\/comments?post=4097"}],"version-history":[{"count":9,"href":"https:\/\/petrana-sabolek.net\/index.php\/wp-json\/wp\/v2\/pages\/4097\/revisions"}],"predecessor-version":[{"id":4557,"href":"https:\/\/petrana-sabolek.net\/index.php\/wp-json\/wp\/v2\/pages\/4097\/revisions\/4557"}],"wp:attachment":[{"href":"https:\/\/petrana-sabolek.net\/index.php\/wp-json\/wp\/v2\/media?parent=4097"}],"curies":[{"name":"wp","href":"https:\/\/api.w.org\/{rel}","templated":true}]}}

<p>[et_pb_section fb_built=&#8221;1&#8243; admin_label=&#8221;Hero&#8221; _builder_version=&#8221;4.16&#8243; background_color=&#8221;#FFFFFF&#8221; background_image=&#8221;https://petrana-sabolek.net/wp-content/uploads/2021/05/coding-background-texture.jpg&#8221; background_blend=&#8221;overlay&#8221; custom_padding=&#8221;55px|0px|100px|0px||&#8221; animation_style=&#8221;slide&#8221; animation_direction=&#8221;top&#8221; animation_intensity_slide=&#8221;2%&#8221; locked=&#8221;off&#8221; global_colors_info=&#8221;{}&#8221;][et_pb_row column_structure=&#8221;1_4,3_4&#8243; _builder_version=&#8221;4.16&#8243; _module_preset=&#8221;default&#8221; global_colors_info=&#8221;{}&#8221;][et_pb_column type=&#8221;1_4&#8243; _builder_version=&#8221;4.16&#8243; _module_preset=&#8221;default&#8221; global_colors_info=&#8221;{}&#8221;][et_pb_image src=&#8221;https://petrana-sabolek.net/wp-content/uploads/2024/08/pamet-na-reset_krug.png&#8221; title_text=&#8221;tko se boji prica jos&#8221; _builder_version=&#8221;4.22.2&#8243; _module_preset=&#8221;default&#8221; global_colors_info=&#8221;{}&#8221;][/et_pb_image][/et_pb_column][et_pb_column type=&#8221;3_4&#8243; _builder_version=&#8221;4.16&#8243; _module_preset=&#8221;default&#8221; global_colors_info=&#8221;{}&#8221;][et_pb_text _builder_version=&#8221;4.22.2&#8243; _module_preset=&#8221;default&#8221; header_font_size=&#8221;45px&#8221; hover_enabled=&#8221;0&#8243; global_colors_info=&#8221;{}&#8221; sticky_enabled=&#8221;0&#8243;]</p>
<h1>&#8220;ZAŠTO BOGOVI ŠUTE&#8221;</h1>
<h3>poezija u prozi</h3>
<p>[/et_pb_text][et_pb_text _builder_version=&#8221;4.22.2&#8243; _module_preset=&#8221;default&#8221; custom_padding=&#8221;5px|||||&#8221; hover_enabled=&#8221;0&#8243; global_colors_info=&#8221;{}&#8221; sticky_enabled=&#8221;0&#8243;]</p>
<h3 style="text-align: justify;">Sinopsis</h3>
<p>&nbsp;</p>
<div style="text-align: justify;">Tema i ove zbirke je vrijeme, no ova zbirka propituje čovječju dušu kroz prizmu nadanja ili očekivanja. Šezdeset pjesama zbirke raspoređeno je u dvije tematske cjeline: <em>Duša na dlanu</em> i <em>Zašto bogovi šute</em><span style="color: #666666;"><span style="font-family: Arial, serif;"><span style="font-size: small;"> </span></span></span></div>
<p>[/et_pb_text][/et_pb_column][/et_pb_row][et_pb_row column_structure=&#8221;1_4,3_4&#8243; _builder_version=&#8221;4.16&#8243; _module_preset=&#8221;default&#8221; custom_padding=&#8221;9px|||||&#8221; global_colors_info=&#8221;{}&#8221;][et_pb_column type=&#8221;1_4&#8243; _builder_version=&#8221;4.16&#8243; _module_preset=&#8221;default&#8221; global_colors_info=&#8221;{}&#8221;][/et_pb_column][et_pb_column type=&#8221;3_4&#8243; _builder_version=&#8221;4.16&#8243; _module_preset=&#8221;default&#8221; global_colors_info=&#8221;{}&#8221;][et_pb_text _builder_version=&#8221;4.22.2&#8243; _module_preset=&#8221;default&#8221; custom_padding=&#8221;5px|||||&#8221; global_colors_info=&#8221;{}&#8221;]</p>
<h3 style="text-align: justify;">Ogledni arak</h3>
<div>
<p style="text-align: justify;">
</div>
<p>[/et_pb_text][/et_pb_column][/et_pb_row][et_pb_row column_structure=&#8221;1_4,3_4&#8243; _builder_version=&#8221;4.16&#8243; _module_preset=&#8221;default&#8221; custom_padding=&#8221;9px|||||&#8221; locked=&#8221;off&#8221; global_colors_info=&#8221;{}&#8221;][et_pb_column type=&#8221;1_4&#8243; _builder_version=&#8221;4.16&#8243; _module_preset=&#8221;default&#8221; global_colors_info=&#8221;{}&#8221;][/et_pb_column][et_pb_column type=&#8221;3_4&#8243; _builder_version=&#8221;4.16&#8243; _module_preset=&#8221;default&#8221; global_colors_info=&#8221;{}&#8221;][et_pb_text _builder_version=&#8221;4.22.2&#8243; _module_preset=&#8221;default&#8221; custom_padding=&#8221;0px|||||&#8221; hover_enabled=&#8221;0&#8243; global_colors_info=&#8221;{}&#8221; sticky_enabled=&#8221;0&#8243;]</p>
<h3 align="justify"><span style="font-family: Arial, serif;"><span style="font-size: large;">ONOZENALJSI ELIKSIR</span></span></h3>
<p align="justify">Izvuklo proljetno sunce i mene iz moje nastambe poput guštera ispod kamena pa i sama zasjednem na jednu od mnogih, od jutra prepunih osunčanih gradskih terasa. Sjedim, pijuckam kavu i promatram uličnu živost. Mimohode uokolo šarene odjeće najmlađih s igračkom u ruci, starijih s mobitelom i/ili povodcima s kućnim ljubimcem, horde glasnih, na momente preglasnih, ipak nedovoljno da nadjačaju glas unutarnjeg potonuća – osjećaj sebe poput prazne ljušture. Prekriva ga tek lažno-sretni osmijeh što ga nepogrješivo uočavam na svakom licu jednakoga potonuća stoga i misao nastavlja kljucanjem: <em>Bože, koliko nas je još na svijetu takvih, samih za svojim stolom, u društvu samo sa svojom kavom ili čajem i osobno intoniranim lažnim osmijehom – izdajicom neizbježnog da smo i sami sve bliže onima, jednako nebrojenima, što možda baš sada, poput mene, na svojim nebeskim terasama, ispijaju svoj onozemaljski eliksir.</em></p>
<p align="justify"><em></em></p>
<p align="justify"><span style="font-family: Arial, serif;"><span style="font-size: large;">TEK JEDNA SVJETOVNA<br /></span></span><span style="color: #666666;"> <span style="font-family: Arial, serif;"><span style="font-size: small;">(Blok:</span></span></span><span style="color: #666666;"><span style="font-family: Arial, serif;"><span style="font-size: small;"><i> </i></span></span></span><span style="color: #666666;"><span style="font-family: Arial, serif;"><span style="font-size: small;">Zašto bogovi šute)</span></span></span></p>
<p align="justify">Bodre riječi evanđelja: … <em>u Oca moga ima mnogo stanova da nema zar bih vam rekao: idem pripraviti vam mjesto?!</em> No, ustalile se te riječi u posljednje vrijeme da ih se i prečesto čuje, zato, ne zamjeri, Bože, što sam samo čovjek, pa umjesto zahvale za mjesto u stanu Oca</p>
<p>[/et_pb_text][/et_pb_column][/et_pb_row][et_pb_row column_structure=&#8221;1_4,3_4&#8243; _builder_version=&#8221;4.16&#8243; _module_preset=&#8221;default&#8221; custom_padding=&#8221;9px|||||&#8221; locked=&#8221;off&#8221; global_colors_info=&#8221;{}&#8221;][et_pb_column type=&#8221;1_4&#8243; _builder_version=&#8221;4.16&#8243; _module_preset=&#8221;default&#8221; global_colors_info=&#8221;{}&#8221;][/et_pb_column][et_pb_column type=&#8221;3_4&#8243; _builder_version=&#8221;4.16&#8243; _module_preset=&#8221;default&#8221; global_colors_info=&#8221;{}&#8221;][/et_pb_column][/et_pb_row][/et_pb_section]</p>

<p>&#8220;ZAŠTO BOGOVI ŠUTE&#8221; poezija u proziSinopsis &nbsp; Tema i ove zbirke je vrijeme, no ova zbirka propituje čovječju dušu kroz prizmu nadanja ili očekivanja. Šezdeset pjesama zbirke raspoređeno je u dvije tematske cjeline: Duša na dlanu i Zašto bogovi šute Ogledni arak ONOZENALJSI ELIKSIR Izvuklo proljetno sunce i mene iz moje nastambe poput guštera ispod [&hellip;]</p>
