{"id":4241,"date":"2024-09-11T07:54:50","date_gmt":"2024-09-11T07:54:50","guid":{"rendered":"https:\/\/petrana-sabolek.net\/?page_id=4241"},"modified":"2025-10-29T08:14:49","modified_gmt":"2025-10-29T08:14:49","slug":"price-za-naj-djecje-uho-2","status":"publish","type":"page","link":"https:\/\/petrana-sabolek.net\/index.php\/price-za-naj-djecje-uho-2\/","title":{"rendered":"Pri\u010de za naj dje\u010dje uho"},"content":{"rendered":"<p>[et_pb_section fb_built=&#8221;1&#8243; _builder_version=&#8221;4.16&#8243; _module_preset=&#8221;default&#8221; custom_padding=&#8221;||0px|||&#8221; global_colors_info=&#8221;{}&#8221;][et_pb_row column_structure=&#8221;2_5,3_5&#8243; _builder_version=&#8221;4.22.2&#8243; _module_preset=&#8221;default&#8221; global_colors_info=&#8221;{}&#8221;][et_pb_column type=&#8221;2_5&#8243; _builder_version=&#8221;4.22.2&#8243; _module_preset=&#8221;default&#8221; global_colors_info=&#8221;{}&#8221;][et_pb_image src=&#8221;https:\/\/petrana-sabolek.net\/wp-content\/uploads\/2024\/09\/prica-za-naj-djecje-uho-nova-naslovnica.jpg&#8221; title_text=&#8221;ikona knjige&#8221; show_in_lightbox=&#8221;on&#8221; use_overlay=&#8221;on&#8221; overlay_icon_color=&#8221;#E02B20&#8243; hover_overlay_color=&#8221;#FFFFFF&#8221; hover_icon=&#8221;&#xf5da;||fa||900&#8243; _builder_version=&#8221;4.22.2&#8243; _module_preset=&#8221;default&#8221; background_enable_image=&#8221;off&#8221; parallax=&#8221;on&#8221; global_colors_info=&#8221;{}&#8221;][\/et_pb_image][\/et_pb_column][et_pb_column type=&#8221;3_5&#8243; _builder_version=&#8221;4.22.2&#8243; _module_preset=&#8221;default&#8221; global_colors_info=&#8221;{}&#8221;][et_pb_text _builder_version=&#8221;4.22.2&#8243; _module_preset=&#8221;default&#8221; custom_padding=&#8221;5px|||||&#8221; locked=&#8221;off&#8221; global_colors_info=&#8221;{}&#8221;]<\/p>\n<h3 style=\"text-align: justify;\">Sinopsis &#8211; knjiga u tisku<\/h3>\n<div>\n<p style=\"text-align: justify;\">\n<p style=\"text-align: justify;\">Pri\u010de za naj dje\u010dje uho biti \u0107e moja prva zbirka pri\u010da sa djecu. Sadr\u017ei dvadeset i pet pri\u010da: bajkovitih, \u017eivotnih, ljubavnih, spekulativne fantastike \u010dak arhai\u010dnih koje nude djeci realnu sliku svijeta, dakle, bez podila\u017eenja, pre\u0161u\u0107ivanja, la\u017enog moraliziranja\u2026 Pri\u010de su sabrane u \u010detiri bloka: Pri\u010de s planete gusaka, Pri\u010de s ruba sna, Pri\u010de za naj dje\u010dje uho i Pri\u010de za ljubavne neznalice. Knjiga izlazi uskoro u nakladi HRVATSKOG DRU\u0160TVA KNJI\u017dEVNIKA ZA DJECU I MLADE, KLUB PRVIH PISACA.<\/p>\n<\/div>\n<p>[\/et_pb_text][et_pb_toggle title=&#8221;Bibliote\u010dni zapisi&#8221; open_toggle_text_color=&#8221;#032263&#8243; open_toggle_background_color=&#8221;#FFFFFF&#8221; closed_toggle_background_color=&#8221;#FFFFFF&#8221; icon_color=&#8221;#032263&#8243; toggle_icon=&#8221;&#xf233;||fa||900&#8243; open_icon_color=&#8221;#032263&#8243; open_toggle_icon=&#8221;&#xf233;||fa||900&#8243; _builder_version=&#8221;4.22.2&#8243; _module_preset=&#8221;default&#8221; title_text_color=&#8221;#032263&#8243; title_font=&#8221;|600|||||||&#8221; background_color=&#8221;#032263&#8243; hover_enabled=&#8221;0&#8243; global_colors_info=&#8221;{}&#8221; sticky_enabled=&#8221;0&#8243;]<\/p>\n<table width=\"605\" cellpadding=\"7\" cellspacing=\"0\">\n<tbody>\n<tr>\n<td colspan=\"3\" width=\"591\" height=\"34\" valign=\"top\">\n<p class=\"western\" align=\"center\"><span style=\"font-family: Calibri, serif;\"><span style=\"font-size: small;\"><span style=\"font-family: Century Gothic, serif;\"><span style=\"font-size: x-large;\">BIBLIOTE\u010cNI PODACI O KNJIZI<\/span><\/span><\/span><\/span><\/p>\n<p class=\"western\" align=\"center\">\u201e<span style=\"font-family: Calibri, serif;\"><span style=\"font-size: small;\"><span style=\"font-family: Century Gothic, serif;\"><span style=\"font-size: x-large;\">PRI\u010cE ZA NAJ DJE\u010cJE UHO\u201c<\/span><\/span><\/span><\/span><\/p>\n<p class=\"western\" align=\"center\">\n<p class=\"western\" align=\"left\">\n<\/td>\n<\/tr>\n<tr valign=\"top\">\n<td width=\"206\">\n<p class=\"western\" align=\"left\"><span style=\"font-family: Calibri, serif;\"><span style=\"font-size: small;\"><span style=\"font-family: Century Gothic, serif;\"><span style=\"font-size: large;\">Autor<\/span><\/span><\/span><\/span><\/p>\n<\/td>\n<td width=\"370\">\n<p class=\"western\" align=\"left\"><span style=\"font-family: Calibri, serif;\"><span style=\"font-size: small;\"><span style=\"font-family: Century Gothic, serif;\"><span style=\"font-size: large;\">Petrana Sabolek<\/span><\/span><\/span><\/span><\/p>\n<p class=\"western\" align=\"left\">\n<\/td>\n<td width=\"4356\">\n<p class=\"western\" align=\"left\">\n<\/td>\n<\/tr>\n<tr valign=\"top\">\n<td width=\"206\">\n<p class=\"western\" align=\"left\"><span style=\"font-family: Calibri, serif;\"><span style=\"font-size: small;\"><span style=\"font-family: Century Gothic, serif;\"><span style=\"font-size: large;\">Kategorija<\/span><\/span><\/span><\/span><\/p>\n<\/td>\n<td width=\"370\">\n<p class=\"western\" align=\"left\"><span style=\"font-family: Calibri, serif;\"><span style=\"font-size: small;\"><span style=\"font-family: Century Gothic, serif;\"><span style=\"font-size: large;\">Zbirka pri\u010da za djecu <\/span><\/span><\/span><\/span><\/p>\n<p class=\"western\" align=\"left\">\n<\/td>\n<td width=\"4356\">\n<p class=\"western\" align=\"left\">\n<\/td>\n<\/tr>\n<tr valign=\"top\">\n<td width=\"206\">\n<p class=\"western\" align=\"left\"><span style=\"font-family: Calibri, serif;\"><span style=\"font-size: small;\"><span style=\"font-family: Century Gothic, serif;\"><span style=\"font-size: large;\">Broj stranica<\/span><\/span><\/span><\/span><\/p>\n<\/td>\n<td width=\"370\">\n<p class=\"western\" align=\"left\"><span style=\"font-family: Calibri, serif;\"><span style=\"font-size: small;\"><span style=\"font-family: Century Gothic, serif;\"><span style=\"font-size: large;\">169<\/span><\/span><\/span><\/span><\/p>\n<p class=\"western\" align=\"left\">\n<\/td>\n<td width=\"4356\">\n<p class=\"western\" align=\"left\">\n<\/td>\n<\/tr>\n<tr valign=\"top\">\n<td width=\"206\">\n<p class=\"western\" align=\"left\"><span style=\"font-family: Calibri, serif;\"><span style=\"font-size: small;\"><span style=\"font-family: Century Gothic, serif;\"><span style=\"font-size: large;\">Godina izdanja<\/span><\/span><\/span><\/span><\/p>\n<\/td>\n<td width=\"370\">\n<p class=\"western\" align=\"left\"><span style=\"font-family: Calibri, serif;\"><span style=\"font-size: small;\"><span style=\"font-family: Century Gothic, serif;\"><span style=\"font-size: large;\">2024.<\/span><\/span><\/span><\/span><\/p>\n<p class=\"western\" align=\"left\">\n<\/td>\n<td width=\"4356\">\n<p class=\"western\" align=\"left\">\n<\/td>\n<\/tr>\n<tr valign=\"top\">\n<td width=\"206\">\n<p class=\"western\" align=\"left\"><span style=\"font-family: Calibri, serif;\"><span style=\"font-size: small;\"><span style=\"font-family: Century Gothic, serif;\"><span style=\"font-size: large;\">Nakladnik<\/span><\/span><\/span><\/span><\/p>\n<\/td>\n<td width=\"370\">\n<p class=\"western\" align=\"left\"><span style=\"font-family: Calibri, serif;\"><span style=\"font-size: small;\"><span style=\"font-family: Century Gothic, serif;\"><span style=\"font-size: large;\">Hrvatsko dru\u0161tvo knji\u017eevnika za djecu i mlade, klub prvih pisaca, Zagreb<\/span><\/span><\/span><\/span><\/p>\n<p class=\"western\" align=\"left\">\n<\/td>\n<td width=\"4356\">\n<p class=\"western\" align=\"left\">\n<\/td>\n<\/tr>\n<tr valign=\"top\">\n<td width=\"206\">\n<p class=\"western\" align=\"left\"><span style=\"font-family: Calibri, serif;\"><span style=\"font-size: small;\"><span style=\"font-family: Century Gothic, serif;\"><span style=\"font-size: large;\">Uvez<\/span><\/span><\/span><\/span><\/p>\n<\/td>\n<td width=\"370\">\n<p class=\"western\" align=\"left\"><span style=\"font-family: Calibri, serif;\"><span style=\"font-size: small;\"><span style=\"font-family: Century Gothic, serif;\"><span style=\"font-size: large;\">Tvrdo, \u0161ivano<\/span><\/span><\/span><\/span><\/p>\n<p class=\"western\" align=\"left\">\n<\/td>\n<td width=\"4356\">\n<p class=\"western\" align=\"left\">\n<\/td>\n<\/tr>\n<tr valign=\"top\">\n<td width=\"206\">\n<p class=\"western\" align=\"left\"><span style=\"font-family: Calibri, serif;\"><span style=\"font-size: small;\"><span style=\"font-family: Century Gothic, serif;\"><span style=\"font-size: large;\">Format<\/span><\/span><\/span><\/span><\/p>\n<\/td>\n<td width=\"370\">\n<p class=\"western\" align=\"left\"><span style=\"font-family: Calibri, serif;\"><span style=\"font-size: small;\"><span style=\"font-family: Century Gothic, serif;\"><span style=\"font-size: large;\">14,4 x 20,2<\/span><\/span><\/span><\/span><\/p>\n<p class=\"western\" align=\"left\">\n<\/td>\n<td width=\"4356\">\n<p class=\"western\" align=\"left\">\n<\/td>\n<\/tr>\n<tr valign=\"top\">\n<td width=\"206\">\n<p class=\"western\" align=\"left\"><span style=\"font-family: Calibri, serif;\"><span style=\"font-size: small;\"><span style=\"font-family: Century Gothic, serif;\"><span style=\"font-size: large;\">Grafi\u010dki uredili <\/span><\/span><\/span><\/span><\/p>\n<p class=\"western\" align=\"left\">\n<p class=\"western\" align=\"left\"><span style=\"font-family: Calibri, serif;\"><span style=\"font-size: small;\"><span style=\"font-family: Century Gothic, serif;\"><span style=\"font-size: large;\">Ilustrator<\/span><\/span><\/span><\/span><\/p>\n<\/td>\n<td width=\"370\">\n<p class=\"western\" align=\"left\"><span style=\"font-family: Calibri, serif;\"><span style=\"font-size: small;\"><span style=\"font-family: Century Gothic, serif;\"><span style=\"font-size: large;\">Nina Ivanovi\u0107<\/span><\/span><\/span><\/span><\/p>\n<p class=\"western\" align=\"left\">\n<p class=\"western\" align=\"left\"><span style=\"font-family: Calibri, serif;\"><span style=\"font-size: small;\"><span style=\"font-family: Century Gothic, serif;\"><span style=\"font-size: large;\">Boris Kugler<\/span><\/span><\/span><\/span><\/p>\n<p class=\"western\" align=\"left\">\n<\/td>\n<td width=\"4356\">\n<p class=\"western\" align=\"left\">\n<\/td>\n<\/tr>\n<tr valign=\"top\">\n<td width=\"206\">\n<p class=\"western\" align=\"left\"><span style=\"font-family: Calibri, serif;\"><span style=\"font-size: small;\"><span style=\"font-family: Century Gothic, serif;\"><span style=\"font-size: large;\">ISBN <\/span><\/span><\/span><\/span><\/p>\n<\/td>\n<td width=\"370\">\n<p class=\"western\" align=\"left\"><span style=\"font-family: Calibri, serif;\"><span style=\"font-size: small;\"><span style=\"font-family: Century Gothic, serif;\"><span style=\"font-size: large;\">978-953-8350-45-0 <\/span><\/span><\/span><\/span><\/p>\n<p class=\"western\" align=\"left\"><span style=\"font-family: Calibri, serif;\"><span style=\"font-size: small;\"><span style=\"font-family: Century Gothic, serif;\"><span style=\"font-size: large;\">CIP &#8211; Nau\u010dna I sveu\u010dili\u0161na knji\u017enica Zagreb 001241011<\/span><\/span><\/span><\/span><\/p>\n<p class=\"western\" align=\"left\">\n<\/td>\n<td width=\"4356\">\n<p class=\"western\" align=\"left\">\n<\/td>\n<\/tr>\n<tr valign=\"top\">\n<td width=\"206\">\n<p class=\"western\" align=\"left\"><span style=\"font-family: Calibri, serif;\"><span style=\"font-size: small;\"><span style=\"font-family: Century Gothic, serif;\"><span style=\"font-size: large;\">Tisak i uvez <\/span><\/span><\/span><\/span><\/p>\n<p class=\"western\" align=\"left\">\n<\/td>\n<td width=\"370\">\n<p class=\"western\" align=\"left\"><span style=\"font-family: Calibri, serif;\"><span style=\"font-size: small;\"><span style=\"font-family: Century Gothic, serif;\"><span style=\"font-size: large;\">Studio Moderna d.o.o. Zagreb<\/span><\/span><\/span><\/span><\/p>\n<\/td>\n<td width=\"4356\">\n<p class=\"western\" align=\"left\">\n<\/td>\n<\/tr>\n<tr valign=\"top\">\n<td width=\"206\">\n<p class=\"western\" align=\"left\"><span style=\"font-family: Calibri, serif;\"><span style=\"font-size: small;\"><span style=\"font-family: Century Gothic, serif;\"><span style=\"font-size: large;\">Napomena<\/span><\/span><\/span><\/span><\/p>\n<\/td>\n<td width=\"370\">\n<p class=\"western\" align=\"left\"><span style=\"font-family: Calibri, serif;\"><span style=\"font-size: small;\"><span style=\"font-family: Century Gothic, serif;\"><span style=\"font-size: large;\">&#8211;<\/span><\/span><\/span><\/span><\/p>\n<p class=\"western\" align=\"left\">\n<p class=\"western\" align=\"left\">\n<p class=\"western\" align=\"left\">\n<p class=\"western\" align=\"left\">\n<p class=\"western\" align=\"left\">\n<p class=\"western\" align=\"left\">\n<p class=\"western\" align=\"left\">\n<p class=\"western\" align=\"left\">\n<p class=\"western\" align=\"left\">\n<p class=\"western\" align=\"left\">\n<\/td>\n<td width=\"4356\">\n<p class=\"western\" align=\"left\">\n<\/td>\n<\/tr>\n<\/tbody>\n<\/table>\n<p>[\/et_pb_toggle][\/et_pb_column][\/et_pb_row][\/et_pb_section]<\/p>\n","protected":false},"excerpt":{"rendered":"<p>Sinopsis &#8211; knjiga u tisku Pri\u010de za naj dje\u010dje uho biti \u0107e moja prva zbirka pri\u010da sa djecu. Sadr\u017ei dvadeset i pet pri\u010da: bajkovitih, \u017eivotnih, ljubavnih, spekulativne fantastike \u010dak arhai\u010dnih koje nude djeci realnu sliku svijeta, dakle, bez podila\u017eenja, pre\u0161u\u0107ivanja, la\u017enog moraliziranja\u2026 Pri\u010de su sabrane u \u010detiri bloka: Pri\u010de s planete gusaka, Pri\u010de s ruba [&hellip;]<\/p>\n","protected":false},"author":1,"featured_media":0,"parent":0,"menu_order":0,"comment_status":"closed","ping_status":"closed","template":"","meta":{"_et_pb_use_builder":"on","_et_pb_old_content":"","_et_gb_content_width":"","footnotes":""},"class_list":["post-4241","page","type-page","status-publish","hentry"],"_links":{"self":[{"href":"https:\/\/petrana-sabolek.net\/index.php\/wp-json\/wp\/v2\/pages\/4241","targetHints":{"allow":["GET"]}}],"collection":[{"href":"https:\/\/petrana-sabolek.net\/index.php\/wp-json\/wp\/v2\/pages"}],"about":[{"href":"https:\/\/petrana-sabolek.net\/index.php\/wp-json\/wp\/v2\/types\/page"}],"author":[{"embeddable":true,"href":"https:\/\/petrana-sabolek.net\/index.php\/wp-json\/wp\/v2\/users\/1"}],"replies":[{"embeddable":true,"href":"https:\/\/petrana-sabolek.net\/index.php\/wp-json\/wp\/v2\/comments?post=4241"}],"version-history":[{"count":8,"href":"https:\/\/petrana-sabolek.net\/index.php\/wp-json\/wp\/v2\/pages\/4241\/revisions"}],"predecessor-version":[{"id":4538,"href":"https:\/\/petrana-sabolek.net\/index.php\/wp-json\/wp\/v2\/pages\/4241\/revisions\/4538"}],"wp:attachment":[{"href":"https:\/\/petrana-sabolek.net\/index.php\/wp-json\/wp\/v2\/media?parent=4241"}],"curies":[{"name":"wp","href":"https:\/\/api.w.org\/{rel}","templated":true}]}}