{"id":514,"date":"2021-07-02T09:15:20","date_gmt":"2021-07-02T09:15:20","guid":{"rendered":"https:\/\/petrana-sabolek.net\/?page_id=514"},"modified":"2021-07-02T09:19:53","modified_gmt":"2021-07-02T09:19:53","slug":"polica-privatnosti","status":"publish","type":"page","link":"https:\/\/petrana-sabolek.net\/index.php\/polica-privatnosti\/","title":{"rendered":"POLICA PRIVATNOSTI"},"content":{"rendered":"<p>[et_pb_section fb_built=&#8221;1&#8243; admin_label=&#8221;Hero&#8221; _builder_version=&#8221;4.9.4&#8243; background_color=&#8221;#FFFFFF&#8221; background_image=&#8221;https:\/\/petrana-sabolek.net\/wp-content\/uploads\/2021\/05\/coding-background-texture.jpg&#8221; background_blend=&#8221;overlay&#8221; custom_padding=&#8221;100px|0px|100px|0px&#8221; animation_style=&#8221;slide&#8221; animation_direction=&#8221;top&#8221; animation_intensity_slide=&#8221;2%&#8221; locked=&#8221;off&#8221;][et_pb_row _builder_version=&#8221;3.25&#8243; background_size=&#8221;initial&#8221; background_position=&#8221;top_left&#8221; background_repeat=&#8221;repeat&#8221; custom_margin=&#8221;|||&#8221; custom_width_px=&#8221;1280px&#8221;][et_pb_column type=&#8221;4_4&#8243; _builder_version=&#8221;3.25&#8243; custom_padding=&#8221;|||&#8221; custom_padding__hover=&#8221;|||&#8221;][et_pb_text _builder_version=&#8221;4.9.4&#8243; text_text_color=&#8221;#d4ccff&#8221; text_font_size=&#8221;16px&#8221; text_line_height=&#8221;1.9em&#8221; hover_enabled=&#8221;0&#8243; locked=&#8221;off&#8221; sticky_enabled=&#8221;0&#8243;]<\/p>\n<h2><span style=\"color: #800000;\"><strong>POLICA PRIVATNOSTI<\/strong><\/span><\/h2>\n<p><span style=\"color: #000000;\">Vlasnik ovih web stranica je Petrana Sabolek<\/span><\/p>\n<p><span style=\"color: #000000;\">PO\u0160TUJEMO VA\u0160U PRIVATNOST I ZATO SU VA\u0160I PODACI KOD NAS SIGURNI<\/span><br \/><span style=\"color: #000000;\">Va\u0161i podaci obra\u0111ivat \u0107e se u svrhu slanja informacija o na\u0161im ponudama, novostima i doga\u0111anjima, te u svim mailovima imate mogu\u0107nost odjave s liste primatelja.<\/span><br \/><span style=\"color: #000000;\">Sukladno Zakonu o za\u0161titi osobnih podataka na va\u0161 zahtjev omogu\u0107it \u0107e vam se pristup podacima kao i eventualni ispravak istih.<\/span><br \/><span style=\"color: #000000;\">Za\u0161tita va\u0161ih osobnih podataka zna\u010di da:<\/span><br \/><span style=\"color: #000000;\">\u2022 nikada ne\u0107emo zloupotrijebiti va\u0161e osobne podatke na bilo koji na\u010din<\/span><br \/><span style=\"color: #000000;\">\u2022 va\u0161 kontakt i osobne podatke ne\u0107emo nikada dati bilo kojoj tre\u0107oj strani<\/span><br \/><span style=\"color: #000000;\">\u2022 va\u0161 kontakt i osobni podaci mogu se otkriti tre\u0107oj strani samo uz va\u0161u dozvolu<\/span><br \/><span style=\"color: #000000;\">\u2022 bilo kada se mo\u017eete odjaviti iz bilo koje od na\u0161ih email lista.<\/span><br \/><span style=\"color: #000000;\">Sve na\u0161e online aktivnosti su u skladu s europskim zakonodavstvom (EU Directive 95\/46\/EC, 2002\/58\/EC i Treaty Conventions ETS 108, ETS 181, ETS 185, ETS 189) i nacionalnim zakonodavstvom Republike Hrvatske (Zakon o za\u0161titi osobnih podataka, Zakon o elektroni\u010dkom poslovanju, itd.).<\/span><\/p>\n<p><span style=\"color: #000000;\"><strong>Kola\u010di\u0107i<\/strong><\/span><br \/><span style=\"color: #000000;\">Kako bi ova web stranica radila pravilno, kako bismo bili u stanju vr\u0161iti daljnja unaprje\u0111enja stranice, u svrhu pobolj\u0161avanja va\u0161ega iskustva pregledavanja, ova stranica mora na va\u0161e ra\u010dunalo spremiti malenu koli\u010dinu informacija (Cookies) . Preko 90 % svih web stranica koristi ovu praksu no prema regulacijama Europske unije od 25.03.2011. obvezni smo prije spremanja Cookie-a zatra\u017eiti va\u0161 pristanak. Kori\u0161tenjem web stranice pristajete na uporabu Cookie-a. Blokiranjem cookie i dalje mo\u017eete pregledavati stranicu, no neke njezine mogu\u0107nosti Vam ne\u0107e biti dostupne.<\/span><\/p>\n<p><span style=\"color: #000000;\"><strong>\u0160to je kola\u010di\u0107?<\/strong><\/span><br \/><span style=\"color: #000000;\">Kola\u010di\u0107 je informacija spremljena na Va\u0161e ra\u010dunalo od strane web stranice koju posjetite. Kola\u010di\u0107i obi\u010dno spremaju Va\u0161e postavke, postavke za web stranicu, kao \u0161to su preferirani jezik ili adresa. Kasnije, kada opet otvorite istu web stranicu internet preglednik \u0161alje natrag kola\u010di\u0107e koji pripadaju toj stranici. Ovo omogu\u0107ava stranici da prika\u017ee informacije prilago\u0111ene Va\u0161im potrebama.<\/span><\/p>\n<p><span style=\"color: #000000;\">Kola\u010di\u0107i mogu spremati \u0161irok pojas informacija uklju\u010duju\u0107i osobne informacije (kao \u0161to je Va\u0161e ime ili e-mail adresa). Ipak, ova informacija mo\u017ee biti spremljena jedino ako Vi to omogu\u0107ite \u2013 web stranice ne mogu dobiti pristup informacijama koji im Vi niste dali i ne mogu pristupiti drugim datotekama na Va\u0161em ra\u010dunalu. Zadane aktivnosti spremanja i slanja kola\u010di\u0107a Vama nisu vidljive. Ipak, mo\u017eete promjeniti Va\u0161e postavke internet preglednika da mo\u017eete sami birati ho\u0107ete li zahtjeve za spremanje kola\u010di\u0107a odobriti ili odbiti, pobri\u0161ete spremljene kola\u010di\u0107e automatski pri zatvaranju internet preglednika i sli\u010dno.<\/span><\/p>\n<p><span style=\"color: #000000;\"><strong>Kako onemogu\u0107iti kola\u010di\u0107e<\/strong><\/span><br \/><span style=\"color: #000000;\">Isklju\u010divanjem kola\u010di\u0107a odlu\u010dujete da li ho\u0107ete dopustiti pohranjivanje kola\u010di\u0107a na va\u0161em ra\u010dunalu. Cookie postavke mogu se kontrolirati i konfigurirati u va\u0161em web pregledniku. Za informacije o postavkama kola\u010di\u0107a, odaberite web-preglednik koji koristite. \u2022 Chrome \u2022 Firefox \u2022 Internet Explorer 9 \u2022 Internet Explorer 7 i 8 \u2022Opera (stranica na engleskom jeziku) \u2022 Safari (stranica na engleskom) Ako onemogu\u0107ite kola\u010di\u0107e, ne\u0107ete mo\u0107i koristiti neke od funkcionalnosti na web stranicama<\/span><\/p>\n<p><span style=\"color: #000000;\"><strong>\u0160to su privremeni kola\u010di\u0107i?<\/strong><\/span><br \/><span style=\"color: #000000;\">Privremeni kola\u010di\u0107i ili kola\u010di\u0107i sesije uklanjaju se s ra\u010dunala po zatvaranju internet preglednika. Pomo\u0107u njih web-mjesta pohranjuju privremene podatke, poput stavki u ko\u0161arici za kupnju.<\/span><\/p>\n<p><span style=\"color: #000000;\"><strong>\u0160to su stalni kola\u010di\u0107i?<\/strong><\/span><br \/><span style=\"color: #000000;\">Stalni ili spremljeni kola\u010di\u0107i ostaju na ra\u010dunalu nakon zatvaranja programa internet preglednika. Pomo\u0107u njih web-mjesta pohranjuju podatke, kao \u0161to su ime za prijavu i lozinka, tako da se ne morate prijavljivati prilikom svakog posjeta odre\u0111enom mjestu. Stalni kola\u010di\u0107i ostat \u0107e na ra\u010dunalu danima, mjesecima, \u010dak i godinama.<\/span><\/p>\n<p><span style=\"color: #000000;\"><strong>\u0160to su kola\u010di\u0107i od prve strane?<\/strong><\/span><br \/><span style=\"color: #000000;\">Kola\u010di\u0107i od prve strane dolaze s web-mjesta koje gledate, a mogu biti stalni ili privremeni. Pomo\u0107u tih kola\u010di\u0107a web-mjesta mogu pohraniti podatke koje \u0107e ponovo koristiti prilikom sljede\u0107eg posjeta tom web-mjestu.<\/span><\/p>\n<p><span style=\"color: #000000;\"><strong>\u0160to su kola\u010di\u0107i tre\u0107e strane?<\/strong><\/span><br \/><span style=\"color: #000000;\">Kola\u010di\u0107i tre\u0107e strane dolaze s reklama drugih web-mjesta (kao \u0161to su sko\u010dne ili druge reklame) koje se nalaze na web-mjestu koje gledate. Pomo\u0107u tih kola\u010di\u0107a web-mjesta mogu pratiti kori\u0161tenje Interneta u marketin\u0161ke svrhe.<\/span><\/p>\n<p><span style=\"color: #000000;\"><strong>Da li ova stranica koristi kola\u010di\u0107e?<\/strong><\/span><br \/><span style=\"color: #000000;\">Da, s primarnim ciljem kako bi na\u0161e web stranice vam omogu\u0107ile bolje korisni\u010dko iskustvo.<\/span><\/p>\n<p><span style=\"color: #000000;\"><strong>Kakve kola\u010di\u0107e koristi ova stranica i za\u0161to?<\/strong><\/span><br \/><span style=\"color: #000000;\">Privremeni kola\u010di\u0107i (Session cookies) \u2013 to su privremeni kola\u010di\u0107i koji isti\u010du (i automatski se bri\u0161u) kada zatvorite internet preglednik. Mi koristimo session cookies da omogu\u0107imo pristup sadr\u017eaju i omogu\u0107imo komentiranje (stvari koje morate u\u010diniti kada se prijavite sa svojim podacima na web stranicu).<\/span><br \/><span style=\"color: #000000;\">Trajni kola\u010di\u0107i (Persistent cookies) \u2013 ti obi\u010dno imaju datum isteka daleko u budu\u0107nost i tako \u0107e ostati u va\u0161em pregledniku, dok ne isteknu, ili dok ih ru\u010dno ne izbri\u0161ete. Mi koristimo trajne kola\u010di\u0107e za funkcionalnostima kao \u0161to su \u201cOstanite prijavljeni\u201d tickbox, \u0161to korisnicima olak\u0161ava pristup kao registriranom korisniku. Mi tako\u0111er koristimo trajne kola\u010di\u0107e kako bi bolje razumjeli navike korisnika, tako da mo\u017eemo pobolj\u0161ati web stranicu prema va\u0161im navikama. Ova informacija je anonimna \u2013 ne vidimo individualne podatke korisnika.<\/span><br \/><span style=\"color: #000000;\">Da li na web stranici ima kola\u010di\u0107a tre\u0107e strane?<\/span><br \/><span style=\"color: #000000;\">Ima nekoliko vanjskih servisa koji korisniku spremaju limitirane kola\u010di\u0107e. Ovi kola\u010di\u0107i nisu postavljeni od strane ove web stranice, ali neki slu\u017ee za normalno funkcioniranje odre\u0111enih mogu\u0107nosti koje korisnicima olak\u0161avaju pristup sadr\u017eaju. Trenutno omogu\u0107ujemo:<\/span><\/p>\n<p><span style=\"color: #000000;\"><strong>Mjerenje posje\u0107enosti<\/strong><\/span><br \/><span style=\"color: #000000;\">Petrana Sabolek koristi servis za mjerenje posje\u0107enosti, to je Google analytics<\/span><br \/><span style=\"color: #000000;\">Ako \u017eelite onemogu\u0107iti da vam navedeni servis sprema kola\u010di\u0107e, mo\u017eete ga zabraniti na sljede\u0107em linku:<\/span><br \/><span style=\"color: #000000;\">Google Analytics \u2013 https:\/\/tools.google.com\/ dlpage\/gaoptout<\/span><br \/><span style=\"color: #000000;\">Dodatne informacija oko isklju\u010divanja kola\u010di\u0107a<\/span><br \/><span style=\"color: #000000;\">Trenutno postoji nekoliko web stranica za isklju\u010divanje pohranjivanja kola\u010di\u0107a za razli\u010dite servise.<\/span><\/p>\n<p><span style=\"color: #000000;\">Vi\u0161e se mo\u017eete informirati na sljede\u0107im linkovima:<\/span><\/p>\n<p><span style=\"color: #000000;\">http:\/\/www.allaboutcookies. org\/<\/span><br \/><span style=\"color: #000000;\">http:\/\/www.youronlinechoices. eu\/<\/span><\/p>\n<p>[\/et_pb_text][\/et_pb_column][\/et_pb_row][\/et_pb_section]<\/p>\n","protected":false},"excerpt":{"rendered":"<p>POLICA PRIVATNOSTI Vlasnik ovih web stranica je Petrana Sabolek PO\u0160TUJEMO VA\u0160U PRIVATNOST I ZATO SU VA\u0160I PODACI KOD NAS SIGURNIVa\u0161i podaci obra\u0111ivat \u0107e se u svrhu slanja informacija o na\u0161im ponudama, novostima i doga\u0111anjima, te u svim mailovima imate mogu\u0107nost odjave s liste primatelja.Sukladno Zakonu o za\u0161titi osobnih podataka na va\u0161 zahtjev omogu\u0107it \u0107e vam [&hellip;]<\/p>\n","protected":false},"author":1,"featured_media":0,"parent":0,"menu_order":0,"comment_status":"closed","ping_status":"closed","template":"","meta":{"_et_pb_use_builder":"on","_et_pb_old_content":"","_et_gb_content_width":"","footnotes":""},"class_list":["post-514","page","type-page","status-publish","hentry"],"_links":{"self":[{"href":"https:\/\/petrana-sabolek.net\/index.php\/wp-json\/wp\/v2\/pages\/514","targetHints":{"allow":["GET"]}}],"collection":[{"href":"https:\/\/petrana-sabolek.net\/index.php\/wp-json\/wp\/v2\/pages"}],"about":[{"href":"https:\/\/petrana-sabolek.net\/index.php\/wp-json\/wp\/v2\/types\/page"}],"author":[{"embeddable":true,"href":"https:\/\/petrana-sabolek.net\/index.php\/wp-json\/wp\/v2\/users\/1"}],"replies":[{"embeddable":true,"href":"https:\/\/petrana-sabolek.net\/index.php\/wp-json\/wp\/v2\/comments?post=514"}],"version-history":[{"count":3,"href":"https:\/\/petrana-sabolek.net\/index.php\/wp-json\/wp\/v2\/pages\/514\/revisions"}],"predecessor-version":[{"id":518,"href":"https:\/\/petrana-sabolek.net\/index.php\/wp-json\/wp\/v2\/pages\/514\/revisions\/518"}],"wp:attachment":[{"href":"https:\/\/petrana-sabolek.net\/index.php\/wp-json\/wp\/v2\/media?parent=514"}],"curies":[{"name":"wp","href":"https:\/\/api.w.org\/{rel}","templated":true}]}}